{"id":3005,"date":"2025-10-20T17:43:00","date_gmt":"2025-10-20T17:43:00","guid":{"rendered":"https:\/\/seestlokalhistoriskeforening.dk\/?page_id=3005"},"modified":"2025-12-17T15:43:30","modified_gmt":"2025-12-17T15:43:30","slug":"referat-6-oktober-2025","status":"publish","type":"page","link":"https:\/\/seestlokalhistoriskeforening.dk\/?page_id=3005","title":{"rendered":"Referat 6. oktober 2025"},"content":{"rendered":"\r\n<p><strong>Referat fra foredraget i sognehuset den 6. okt. 2025<\/strong><\/p>\r\n\r\n\r\n\r\n<p>Talem\u00e5der er mangfoldige. Ved foreningens f\u00f8rste efter\u00e5rsarrangement i sognehuset mandag den 6. okt., blev talem\u00e5den <em>\u201dDet begyndte s\u00e5 skidt, men endte s\u00e5 godt\u201d,<\/em> til virkelighed. Den velforberedte <em>John M\u00f8ller S\u00f8rensen, <\/em>i flyvev\u00e5bnet kaldet MOL,der var aftenens g\u00e6st med foredraget om tiden som jagerpilot, m\u00e5tte fra starten konstatere, at hans computer og sognehusets projektor, ikke kunne kommunikere sammen.<\/p>\r\n\r\n\r\n\r\n<p>Foredraget ville bl. a. indeholde lydoptagelser fra cockpittet, der desv\u00e6rre gik tabt ved den manglende kommunikation mellem computer og projektor. Problemet gjorde dog ikke foredraget mindre interessant. Det store billedmateriale og John M\u00f8ller S\u00f8rensens evne til at formidle sine oplevelser ud til de fremm\u00f8dte, var uden sidestykke. \u00d8nsket om at blive pilot startede med en uddannelse som elektriker \u2013 efter faderens \u00f8nske. Men han var vedholdende, han ville v\u00e6re pilot, og efter sin uddannelse blev han optaget til pilotuddannelsen, der fandt sted p\u00e5 Avn\u00f8. Efter 10 flyvninger med en instrukt\u00f8r, var kravet selv at kunne flyve de sm\u00e5 maskiner. Der var 1000 til optagelsespr\u00f8ven, men kun 14 der endte som piloter. Efter tiden p\u00e5 Avn\u00f8 gik turen til USA. Efter endt uddannelsen i USA gik turen tilbage til det danske flyvev\u00e5ben.<\/p>\r\n\r\n\r\n\r\n<p>Det er her umuligt at gengive de mange opgaver og oplevelser, der fulgte fra tiden som jagerpilot til tiden i SAS. John M\u00f8ller S\u00f8rensen kom dog ikke uskadt fra tiden som jagerpilot. Under en \u00f8velsesflyvning i det vestjyske, kolliderede han med en kollega, der rev den ene vinge af hans fly, som herefter gik i spind og han m\u00e5tte derfor udl\u00f8se katapults\u00e6det. Han landede p\u00e5 en mark h\u00e5rdt kv\u00e6stet, men vidste ikke om kollegaen var reddet. Da Falck ankom til stedet enedes de om f\u00f8rst at finde kollegaen. Kort tid efter kom \u00a0\u00a0en bonde k\u00f8rende hen imod ham med sin traktor. Hans eneste tanke var: \u201d<em>Jeg har overlevet et styrt, jeg har v\u00e6ret i mange farlige situationer, og nu bliver jeg sgu k\u00f8rt ned af en traktor\u201d. <\/em>Et berigende foredrag om det at flyve F-16, Starfighter og Fighting Falcon.<\/p>\r\n\r\n\r\n\r\n<p>Referent: J\u00f8rgen Hansen \u00a0\u00a0<\/p>\r\n\r\n\r\n\r\n<p>Foto: Anette Astrup \u00a0<\/p>\r\n<p><strong><img loading=\"lazy\" decoding=\"async\" class=\"alignnone wp-image-3081 size-thumbnail\" src=\"https:\/\/seestlokalhistoriskeforening.dk\/wp-content\/uploads\/2025\/12\/IMG_8518-200x133.jpg\" alt=\"\" width=\"200\" height=\"133\" \/> <img loading=\"lazy\" decoding=\"async\" class=\"alignnone wp-image-3071 size-thumbnail\" src=\"https:\/\/seestlokalhistoriskeforening.dk\/wp-content\/uploads\/2025\/12\/IMG_8489-200x133.jpg\" alt=\"\" width=\"200\" height=\"133\" \/> <img loading=\"lazy\" decoding=\"async\" class=\"alignnone wp-image-3080 size-thumbnail\" src=\"https:\/\/seestlokalhistoriskeforening.dk\/wp-content\/uploads\/2025\/12\/IMG_8514-200x133.jpg\" alt=\"\" width=\"200\" height=\"133\" \/> <\/strong><strong><img loading=\"lazy\" decoding=\"async\" class=\"alignnone wp-image-3078 size-thumbnail\" src=\"https:\/\/seestlokalhistoriskeforening.dk\/wp-content\/uploads\/2025\/12\/IMG_8503-200x133.jpg\" alt=\"\" width=\"200\" height=\"133\" \/><\/strong><strong>\u00a0<\/strong><\/p>\r\n<p><strong><img loading=\"lazy\" decoding=\"async\" class=\"alignnone wp-image-3077 size-thumbnail\" src=\"https:\/\/seestlokalhistoriskeforening.dk\/wp-content\/uploads\/2025\/12\/IMG_8502-200x133.jpg\" alt=\"\" width=\"200\" height=\"133\" \/> <img loading=\"lazy\" decoding=\"async\" class=\"alignnone wp-image-3076 size-thumbnail\" src=\"https:\/\/seestlokalhistoriskeforening.dk\/wp-content\/uploads\/2025\/12\/IMG_8501-200x133.jpg\" alt=\"\" width=\"200\" height=\"133\" \/> <\/strong><strong><img loading=\"lazy\" decoding=\"async\" class=\"alignnone wp-image-3073 size-thumbnail\" src=\"https:\/\/seestlokalhistoriskeforening.dk\/wp-content\/uploads\/2025\/12\/IMG_8496-200x133.jpg\" alt=\"\" width=\"200\" height=\"133\" \/>\u00a0<\/strong><strong><img loading=\"lazy\" decoding=\"async\" class=\"alignnone wp-image-3074 size-thumbnail\" src=\"https:\/\/seestlokalhistoriskeforening.dk\/wp-content\/uploads\/2025\/12\/IMG_8497-200x133.jpg\" alt=\"\" width=\"200\" height=\"133\" \/><\/strong><\/p>\r\n<p><strong><img loading=\"lazy\" decoding=\"async\" class=\"alignnone wp-image-3072 size-thumbnail\" src=\"https:\/\/seestlokalhistoriskeforening.dk\/wp-content\/uploads\/2025\/12\/IMG_8493-200x133.jpg\" alt=\"\" width=\"200\" height=\"133\" \/><\/strong> <strong><img loading=\"lazy\" decoding=\"async\" class=\"alignnone wp-image-3083 size-thumbnail\" src=\"https:\/\/seestlokalhistoriskeforening.dk\/wp-content\/uploads\/2025\/12\/IMG_8485-200x133.jpg\" alt=\"\" width=\"200\" height=\"133\" \/><\/strong><\/p>\r\n<p>&nbsp;<\/p>\r\n<p><strong>\u00a0 \u00a0<\/strong><\/p>\r\n\r\n\r\n\r\n\r\n\r\n\r\n\r\n\r\n\r\n\r\n\r\n\r\n\r\n\r\n\r\n\r\n\r\n\r\n\r\n\r\n\r\n\r\n\r\n\r\n","protected":false},"excerpt":{"rendered":"<p>Referat fra foredraget i sognehuset den 6. okt. 2025 Talem\u00e5der er mangfoldige. Ved foreningens f\u00f8rste efter\u00e5rsarrangement i sognehuset mandag den 6. okt., blev talem\u00e5den \u201dDet begyndte s\u00e5 skidt, men endte s\u00e5 godt\u201d, til virkelighed. Den velforberedte John M\u00f8ller S\u00f8rensen, i flyvev\u00e5bnet kaldet MOL,der var aftenens g\u00e6st med foredraget om tiden som jagerpilot, m\u00e5tte fra starten [&hellip;]<\/p>\n","protected":false},"author":1,"featured_media":0,"parent":0,"menu_order":0,"comment_status":"closed","ping_status":"closed","template":"","meta":{"footnotes":""},"class_list":["post-3005","page","type-page","status-publish","czr-hentry"],"_links":{"self":[{"href":"https:\/\/seestlokalhistoriskeforening.dk\/index.php?rest_route=\/wp\/v2\/pages\/3005","targetHints":{"allow":["GET"]}}],"collection":[{"href":"https:\/\/seestlokalhistoriskeforening.dk\/index.php?rest_route=\/wp\/v2\/pages"}],"about":[{"href":"https:\/\/seestlokalhistoriskeforening.dk\/index.php?rest_route=\/wp\/v2\/types\/page"}],"author":[{"embeddable":true,"href":"https:\/\/seestlokalhistoriskeforening.dk\/index.php?rest_route=\/wp\/v2\/users\/1"}],"replies":[{"embeddable":true,"href":"https:\/\/seestlokalhistoriskeforening.dk\/index.php?rest_route=%2Fwp%2Fv2%2Fcomments&post=3005"}],"version-history":[{"count":15,"href":"https:\/\/seestlokalhistoriskeforening.dk\/index.php?rest_route=\/wp\/v2\/pages\/3005\/revisions"}],"predecessor-version":[{"id":3091,"href":"https:\/\/seestlokalhistoriskeforening.dk\/index.php?rest_route=\/wp\/v2\/pages\/3005\/revisions\/3091"}],"wp:attachment":[{"href":"https:\/\/seestlokalhistoriskeforening.dk\/index.php?rest_route=%2Fwp%2Fv2%2Fmedia&parent=3005"}],"curies":[{"name":"wp","href":"https:\/\/api.w.org\/{rel}","templated":true}]}}