{"id":2225,"date":"2021-02-07T18:21:46","date_gmt":"2021-02-07T18:21:46","guid":{"rendered":"https:\/\/seestlokalhistoriskeforening.dk\/?page_id=2225"},"modified":"2021-06-20T15:59:24","modified_gmt":"2021-06-20T15:59:24","slug":"generalforsamling-2021","status":"publish","type":"page","link":"https:\/\/seestlokalhistoriskeforening.dk\/?page_id=2225","title":{"rendered":"Generalforsamling 2021"},"content":{"rendered":"<p>&nbsp;<\/p>\n<p><u>Referat fra generalforsamlingen den 14. juni 2021.<\/u><\/p>\n<p>&nbsp;<\/p>\n<p>Seest Lokalhistoriske Forening afholdt den 14. juni 2021, den \u00e5rlige generalforsamling i sognehuset Kirketoft 2. 45 medlemmer deltog ved generalforsamlingen.<\/p>\n<p>F\u00f8rste punkt p\u00e5 dagsordenen: Valg af dirigent. Bestyrelsen anbefalede Gunnar Storm Thomsen, der modtog anbefalingen og blev valgt uden modkandidater.<\/p>\n<p>Dirigenten oplyste, at p\u00e5 grund af restriktionerne i forbindelse med coronaen, kunne generalforsamlingen ikke afholdes, som vedt\u00e6gterne beskriver, i marts m\u00e5ned. Medlemmerne havde skriftligt modtaget indkaldelsen og var dermed lovligt varslet.<\/p>\n<p>Punkt to: Beretningen. Beretningen blev l\u00e6st op af J\u00f8rgen Hansen, hvori svarerne p\u00e5 de af medlemmernes indkomne ideer indgik, som alle blev bevarede, hvorefter Beretningen blev godkendt.<\/p>\n<p>Punkt 3: regnskab og budget blev godkendt, dog med et sp\u00f8rgsm\u00e5l om anvendelse af foreningens formue. Sp\u00f8rgeren accepterede sp\u00f8rgsm\u00e5let blev besvaret under evt.<\/p>\n<p>Punkt 4: Behandling af indkomne forslag. Bestyrelsen foreslog \u00a7 4 (linje 2) \u00e6ndret til: \u201dGeneralforsamlingen afholdes hvert \u00e5r i \u00e5rets f\u00f8rste kvartal\u201d. Forslaget blev stillet af hensyn til leje af sognehuset m.v. Forslaget blev godkendt. \u00c6ndring af \u00a7 5 (linje2), en kortere frist for indsendelse af vedt\u00e6gts\u00e6ndringer, valgte bestyrelsen at tr\u00e6kke tilbage.<\/p>\n<p>Punkt 5: fasts\u00e6ttelse af kontingent for \u00e5ret 2022, blev godkendt. Enkelt person 100,-kr. husstand, 2 pers. 175,-kr.<\/p>\n<p>Punkt 6: Valg af 3 bestyrelsesmedlemmer. Der var genvalg af Arne Hansen, Klaus Astrup og Tove Poulsen. De to suppleanter Anette Astrup og J\u00f8rgen Hansen blev genvalgt, og der var genvalg af revisor Tove Pedersen samt revisor suppleant Jeanette Baun Rasmussen.<\/p>\n<p>Punkt 7: Evt:<\/p>\n<p>Under evt. blev sp\u00f8rgsm\u00e5let, ang. foreningens formue, besvaret med bestyrelsens ide ang. 10 \u00e5ret for forenings stiftelse i 2012, samt nedlukningen for alle aktiviteter. Bestyrelsen efterlyste tre personer, der sammen med en fra bestyrelsen, ville p\u00e5tage sig opgaven at arrangere afholdelsen af jubil\u00e6et. Medlemmer der \u00f8nskede at deltage kunne s\u00e5 rette henvendelse til formanden inden for en m\u00e5ned.<\/p>\n<p>Under generalforsamlingen blev der budt p\u00e5 sm\u00f8rrebr\u00f8d, vin, kaffe og kransekage. Sluttelig takkede J\u00f8rgen Hansen, p\u00e5 bestyrelsens vegne, medlemmerne for den store opbakning i forbindelse med generalforsamling og fremm\u00f8de til foreningens arrangementer i \u00f8vrigt.<\/p>\n<p>Knud S\u00f8rensen sluttede aftenen af med sangen \u2019Jeg elsker de gr\u00f8nne lunde\u2019. Knud S\u00f8rensen havde forinden oplyst, at tanken var henledt til m\u00f8det i pr\u00e6steskoven 2020, hvor sangen blev sunget.<\/p>\n<p>Referent: J\u00f8rgen Hansen<\/p>\n<p><a href=\"https:\/\/seestlokalhistoriskeforening.dk\/wp-content\/uploads\/2021\/02\/20210614_202834.jpg\"><img loading=\"lazy\" decoding=\"async\" class=\"alignleft size-thumbnail wp-image-2252\" src=\"https:\/\/seestlokalhistoriskeforening.dk\/wp-content\/uploads\/2021\/02\/20210614_202834-200x133.jpg\" alt=\"20210614_202834\" width=\"200\" height=\"133\" \/><\/a> <a href=\"https:\/\/seestlokalhistoriskeforening.dk\/wp-content\/uploads\/2021\/02\/20210614_202826.jpg\"><img loading=\"lazy\" decoding=\"async\" class=\"alignleft size-thumbnail wp-image-2251\" src=\"https:\/\/seestlokalhistoriskeforening.dk\/wp-content\/uploads\/2021\/02\/20210614_202826-200x133.jpg\" alt=\"20210614_202826\" width=\"200\" height=\"133\" \/><\/a> <a href=\"https:\/\/seestlokalhistoriskeforening.dk\/wp-content\/uploads\/2021\/02\/20210614_202819.jpg\"><img loading=\"lazy\" decoding=\"async\" class=\"alignleft size-thumbnail wp-image-2250\" src=\"https:\/\/seestlokalhistoriskeforening.dk\/wp-content\/uploads\/2021\/02\/20210614_202819-200x133.jpg\" alt=\"20210614_202819\" width=\"200\" height=\"133\" \/><\/a> <a href=\"https:\/\/seestlokalhistoriskeforening.dk\/wp-content\/uploads\/2021\/02\/20210614_202548.jpg\"><img loading=\"lazy\" decoding=\"async\" class=\"alignleft size-thumbnail wp-image-2249\" src=\"https:\/\/seestlokalhistoriskeforening.dk\/wp-content\/uploads\/2021\/02\/20210614_202548-200x133.jpg\" alt=\"20210614_202548\" width=\"200\" height=\"133\" \/><\/a> <a href=\"https:\/\/seestlokalhistoriskeforening.dk\/wp-content\/uploads\/2021\/02\/20210614_202218.jpg\"><img loading=\"lazy\" decoding=\"async\" class=\"alignleft size-thumbnail wp-image-2247\" src=\"https:\/\/seestlokalhistoriskeforening.dk\/wp-content\/uploads\/2021\/02\/20210614_202218-200x133.jpg\" alt=\"20210614_202218\" width=\"200\" height=\"133\" \/><\/a> <a href=\"https:\/\/seestlokalhistoriskeforening.dk\/wp-content\/uploads\/2021\/02\/20210614_202210.jpg\"><img loading=\"lazy\" decoding=\"async\" class=\"alignleft size-thumbnail wp-image-2246\" src=\"https:\/\/seestlokalhistoriskeforening.dk\/wp-content\/uploads\/2021\/02\/20210614_202210-200x133.jpg\" alt=\"20210614_202210\" width=\"200\" height=\"133\" \/><\/a><\/p>\n<p>&nbsp;<\/p>\n<p>&nbsp;<\/p>\n","protected":false},"excerpt":{"rendered":"<p>&nbsp; Referat fra generalforsamlingen den 14. juni 2021. &nbsp; Seest Lokalhistoriske Forening afholdt den 14. juni 2021, den \u00e5rlige generalforsamling i sognehuset Kirketoft 2. 45 medlemmer deltog ved generalforsamlingen. F\u00f8rste punkt p\u00e5 dagsordenen: Valg af dirigent. Bestyrelsen anbefalede Gunnar Storm Thomsen, der modtog anbefalingen og blev valgt uden modkandidater. Dirigenten oplyste, at p\u00e5 grund af [&hellip;]<\/p>\n","protected":false},"author":1,"featured_media":0,"parent":0,"menu_order":0,"comment_status":"closed","ping_status":"closed","template":"","meta":{"footnotes":""},"class_list":["post-2225","page","type-page","status-publish","czr-hentry"],"_links":{"self":[{"href":"https:\/\/seestlokalhistoriskeforening.dk\/index.php?rest_route=\/wp\/v2\/pages\/2225","targetHints":{"allow":["GET"]}}],"collection":[{"href":"https:\/\/seestlokalhistoriskeforening.dk\/index.php?rest_route=\/wp\/v2\/pages"}],"about":[{"href":"https:\/\/seestlokalhistoriskeforening.dk\/index.php?rest_route=\/wp\/v2\/types\/page"}],"author":[{"embeddable":true,"href":"https:\/\/seestlokalhistoriskeforening.dk\/index.php?rest_route=\/wp\/v2\/users\/1"}],"replies":[{"embeddable":true,"href":"https:\/\/seestlokalhistoriskeforening.dk\/index.php?rest_route=%2Fwp%2Fv2%2Fcomments&post=2225"}],"version-history":[{"count":15,"href":"https:\/\/seestlokalhistoriskeforening.dk\/index.php?rest_route=\/wp\/v2\/pages\/2225\/revisions"}],"predecessor-version":[{"id":2253,"href":"https:\/\/seestlokalhistoriskeforening.dk\/index.php?rest_route=\/wp\/v2\/pages\/2225\/revisions\/2253"}],"wp:attachment":[{"href":"https:\/\/seestlokalhistoriskeforening.dk\/index.php?rest_route=%2Fwp%2Fv2%2Fmedia&parent=2225"}],"curies":[{"name":"wp","href":"https:\/\/api.w.org\/{rel}","templated":true}]}}

<p>&nbsp;</p>
<p><u>Referat fra generalforsamlingen den 14. juni 2021.</u></p>
<p>&nbsp;</p>
<p>Seest Lokalhistoriske Forening afholdt den 14. juni 2021, den årlige generalforsamling i sognehuset Kirketoft 2. 45 medlemmer deltog ved generalforsamlingen.</p>
<p>Første punkt på dagsordenen: Valg af dirigent. Bestyrelsen anbefalede Gunnar Storm Thomsen, der modtog anbefalingen og blev valgt uden modkandidater.</p>
<p>Dirigenten oplyste, at på grund af restriktionerne i forbindelse med coronaen, kunne generalforsamlingen ikke afholdes, som vedtægterne beskriver, i marts måned. Medlemmerne havde skriftligt modtaget indkaldelsen og var dermed lovligt varslet.</p>
<p>Punkt to: Beretningen. Beretningen blev læst op af Jørgen Hansen, hvori svarerne på de af medlemmernes indkomne ideer indgik, som alle blev bevarede, hvorefter Beretningen blev godkendt.</p>
<p>Punkt 3: regnskab og budget blev godkendt, dog med et spørgsmål om anvendelse af foreningens formue. Spørgeren accepterede spørgsmålet blev besvaret under evt.</p>
<p>Punkt 4: Behandling af indkomne forslag. Bestyrelsen foreslog § 4 (linje 2) ændret til: ”Generalforsamlingen afholdes hvert år i årets første kvartal”. Forslaget blev stillet af hensyn til leje af sognehuset m.v. Forslaget blev godkendt. Ændring af § 5 (linje2), en kortere frist for indsendelse af vedtægtsændringer, valgte bestyrelsen at trække tilbage.</p>
<p>Punkt 5: fastsættelse af kontingent for året 2022, blev godkendt. Enkelt person 100,-kr. husstand, 2 pers. 175,-kr.</p>
<p>Punkt 6: Valg af 3 bestyrelsesmedlemmer. Der var genvalg af Arne Hansen, Klaus Astrup og Tove Poulsen. De to suppleanter Anette Astrup og Jørgen Hansen blev genvalgt, og der var genvalg af revisor Tove Pedersen samt revisor suppleant Jeanette Baun Rasmussen.</p>
<p>Punkt 7: Evt:</p>
<p>Under evt. blev spørgsmålet, ang. foreningens formue, besvaret med bestyrelsens ide ang. 10 året for forenings stiftelse i 2012, samt nedlukningen for alle aktiviteter. Bestyrelsen efterlyste tre personer, der sammen med en fra bestyrelsen, ville påtage sig opgaven at arrangere afholdelsen af jubilæet. Medlemmer der ønskede at deltage kunne så rette henvendelse til formanden inden for en måned.</p>
<p>Under generalforsamlingen blev der budt på smørrebrød, vin, kaffe og kransekage. Sluttelig takkede Jørgen Hansen, på bestyrelsens vegne, medlemmerne for den store opbakning i forbindelse med generalforsamling og fremmøde til foreningens arrangementer i øvrigt.</p>
<p>Knud Sørensen sluttede aftenen af med sangen ’Jeg elsker de grønne lunde’. Knud Sørensen havde forinden oplyst, at tanken var henledt til mødet i præsteskoven 2020, hvor sangen blev sunget.</p>
<p>Referent: Jørgen Hansen</p>
<p><a href="https://seestlokalhistoriskeforening.dk/wp-content/uploads/2021/02/20210614_202834.jpg"><img loading="lazy" decoding="async" class="alignleft size-thumbnail wp-image-2252" src="https://seestlokalhistoriskeforening.dk/wp-content/uploads/2021/02/20210614_202834-200x133.jpg" alt="20210614_202834" width="200" height="133" /></a> <a href="https://seestlokalhistoriskeforening.dk/wp-content/uploads/2021/02/20210614_202826.jpg"><img loading="lazy" decoding="async" class="alignleft size-thumbnail wp-image-2251" src="https://seestlokalhistoriskeforening.dk/wp-content/uploads/2021/02/20210614_202826-200x133.jpg" alt="20210614_202826" width="200" height="133" /></a> <a href="https://seestlokalhistoriskeforening.dk/wp-content/uploads/2021/02/20210614_202819.jpg"><img loading="lazy" decoding="async" class="alignleft size-thumbnail wp-image-2250" src="https://seestlokalhistoriskeforening.dk/wp-content/uploads/2021/02/20210614_202819-200x133.jpg" alt="20210614_202819" width="200" height="133" /></a> <a href="https://seestlokalhistoriskeforening.dk/wp-content/uploads/2021/02/20210614_202548.jpg"><img loading="lazy" decoding="async" class="alignleft size-thumbnail wp-image-2249" src="https://seestlokalhistoriskeforening.dk/wp-content/uploads/2021/02/20210614_202548-200x133.jpg" alt="20210614_202548" width="200" height="133" /></a> <a href="https://seestlokalhistoriskeforening.dk/wp-content/uploads/2021/02/20210614_202218.jpg"><img loading="lazy" decoding="async" class="alignleft size-thumbnail wp-image-2247" src="https://seestlokalhistoriskeforening.dk/wp-content/uploads/2021/02/20210614_202218-200x133.jpg" alt="20210614_202218" width="200" height="133" /></a> <a href="https://seestlokalhistoriskeforening.dk/wp-content/uploads/2021/02/20210614_202210.jpg"><img loading="lazy" decoding="async" class="alignleft size-thumbnail wp-image-2246" src="https://seestlokalhistoriskeforening.dk/wp-content/uploads/2021/02/20210614_202210-200x133.jpg" alt="20210614_202210" width="200" height="133" /></a></p>
<p>&nbsp;</p>
<p>&nbsp;</p>

<p>&nbsp; Referat fra generalforsamlingen den 14. juni 2021. &nbsp; Seest Lokalhistoriske Forening afholdt den 14. juni 2021, den årlige generalforsamling i sognehuset Kirketoft 2. 45 medlemmer deltog ved generalforsamlingen. Første punkt på dagsordenen: Valg af dirigent. Bestyrelsen anbefalede Gunnar Storm Thomsen, der modtog anbefalingen og blev valgt uden modkandidater. Dirigenten oplyste, at på grund af [&hellip;]</p>
