{"id":2106,"date":"2019-11-24T15:20:00","date_gmt":"2019-11-24T15:20:00","guid":{"rendered":"https:\/\/seestlokalhistoriskeforening.dk\/?page_id=2106"},"modified":"2019-12-24T09:01:58","modified_gmt":"2019-12-24T09:01:58","slug":"juleafslutning-15-december-2019","status":"publish","type":"page","link":"https:\/\/seestlokalhistoriskeforening.dk\/?page_id=2106","title":{"rendered":"Juleafslutning 16. december 2019"},"content":{"rendered":"<h3 style=\"text-align: center;\">48 feststemte medlemmer m\u00f8dte op til foreningens julem\u00f8de, der blev afholdt den 16. dec. i Sognehuset.<\/h3>\n<h3 style=\"text-align: center;\">Julem\u00f8det blev afholdt i en lidt anden form end tidligere, idet der ikke var en egentlig dagsorden.<\/h3>\n<h3 style=\"text-align: center;\">Ordet var frit fra starten og alle, der havde noget p\u00e5 hjertet, havde fri taletid.<\/h3>\n<h3 style=\"text-align: center;\">\u00c5rstidens sange blev sunget samt de gode gamle julesange, hvortil Knud S\u00f8rensen spillede.<\/h3>\n<h3 style=\"text-align: center;\">Aftenen sluttede med gl\u00f8gg og \u00e6bleskiver, kaffe og hjemmebag.<\/h3>\n<h3 style=\"text-align: center;\">Tak til de fremm\u00f8dte.<\/h3>\n<h3 style=\"text-align: center;\">Bestyrelsen \u00f8nsker alle medlemmer en rigtig gl\u00e6delig jul samt et godt og sundt nyt\u00e5r.<\/h3>\n<p><a href=\"https:\/\/seestlokalhistoriskeforening.dk\/wp-content\/uploads\/2019\/11\/DSC_0238-2.jpg\"><img loading=\"lazy\" decoding=\"async\" class=\"alignleft size-thumbnail wp-image-2128\" src=\"https:\/\/seestlokalhistoriskeforening.dk\/wp-content\/uploads\/2019\/11\/DSC_0238-2-200x133.jpg\" alt=\"DSC_0238-2\" width=\"200\" height=\"133\" srcset=\"https:\/\/seestlokalhistoriskeforening.dk\/wp-content\/uploads\/2019\/11\/DSC_0238-2-200x133.jpg 200w, https:\/\/seestlokalhistoriskeforening.dk\/wp-content\/uploads\/2019\/11\/DSC_0238-2-300x199.jpg 300w, https:\/\/seestlokalhistoriskeforening.dk\/wp-content\/uploads\/2019\/11\/DSC_0238-2-768x510.jpg 768w, https:\/\/seestlokalhistoriskeforening.dk\/wp-content\/uploads\/2019\/11\/DSC_0238-2-1024x681.jpg 1024w\" sizes=\"auto, (max-width: 200px) 100vw, 200px\" \/><\/a> <a href=\"https:\/\/seestlokalhistoriskeforening.dk\/wp-content\/uploads\/2019\/11\/DSC_0237-2.jpg\"><img loading=\"lazy\" decoding=\"async\" class=\"alignleft size-thumbnail wp-image-2127\" src=\"https:\/\/seestlokalhistoriskeforening.dk\/wp-content\/uploads\/2019\/11\/DSC_0237-2-200x133.jpg\" alt=\"DSC_0237-2\" width=\"200\" height=\"133\" srcset=\"https:\/\/seestlokalhistoriskeforening.dk\/wp-content\/uploads\/2019\/11\/DSC_0237-2-200x133.jpg 200w, https:\/\/seestlokalhistoriskeforening.dk\/wp-content\/uploads\/2019\/11\/DSC_0237-2-300x199.jpg 300w, https:\/\/seestlokalhistoriskeforening.dk\/wp-content\/uploads\/2019\/11\/DSC_0237-2-768x510.jpg 768w, https:\/\/seestlokalhistoriskeforening.dk\/wp-content\/uploads\/2019\/11\/DSC_0237-2-1024x681.jpg 1024w\" sizes=\"auto, (max-width: 200px) 100vw, 200px\" \/><\/a> <a href=\"https:\/\/seestlokalhistoriskeforening.dk\/wp-content\/uploads\/2019\/11\/DSC_0236-2.jpg\"><img loading=\"lazy\" decoding=\"async\" class=\"alignleft size-thumbnail wp-image-2126\" src=\"https:\/\/seestlokalhistoriskeforening.dk\/wp-content\/uploads\/2019\/11\/DSC_0236-2-200x133.jpg\" alt=\"DSC_0236-2\" width=\"200\" height=\"133\" srcset=\"https:\/\/seestlokalhistoriskeforening.dk\/wp-content\/uploads\/2019\/11\/DSC_0236-2-200x133.jpg 200w, https:\/\/seestlokalhistoriskeforening.dk\/wp-content\/uploads\/2019\/11\/DSC_0236-2-300x199.jpg 300w, https:\/\/seestlokalhistoriskeforening.dk\/wp-content\/uploads\/2019\/11\/DSC_0236-2-768x510.jpg 768w, https:\/\/seestlokalhistoriskeforening.dk\/wp-content\/uploads\/2019\/11\/DSC_0236-2-1024x681.jpg 1024w\" sizes=\"auto, (max-width: 200px) 100vw, 200px\" \/><\/a> <a href=\"https:\/\/seestlokalhistoriskeforening.dk\/wp-content\/uploads\/2019\/11\/DSC_0235-2.jpg\"><img loading=\"lazy\" decoding=\"async\" class=\"alignleft size-thumbnail wp-image-2125\" src=\"https:\/\/seestlokalhistoriskeforening.dk\/wp-content\/uploads\/2019\/11\/DSC_0235-2-200x133.jpg\" alt=\"DSC_0235-2\" width=\"200\" height=\"133\" srcset=\"https:\/\/seestlokalhistoriskeforening.dk\/wp-content\/uploads\/2019\/11\/DSC_0235-2-200x133.jpg 200w, https:\/\/seestlokalhistoriskeforening.dk\/wp-content\/uploads\/2019\/11\/DSC_0235-2-300x199.jpg 300w, https:\/\/seestlokalhistoriskeforening.dk\/wp-content\/uploads\/2019\/11\/DSC_0235-2-768x510.jpg 768w, https:\/\/seestlokalhistoriskeforening.dk\/wp-content\/uploads\/2019\/11\/DSC_0235-2-1024x681.jpg 1024w\" sizes=\"auto, (max-width: 200px) 100vw, 200px\" \/><\/a> <a href=\"https:\/\/seestlokalhistoriskeforening.dk\/wp-content\/uploads\/2019\/11\/DSC_0234.jpg\"><img loading=\"lazy\" decoding=\"async\" class=\"alignleft size-thumbnail wp-image-2124\" src=\"https:\/\/seestlokalhistoriskeforening.dk\/wp-content\/uploads\/2019\/11\/DSC_0234-200x133.jpg\" alt=\"DSC_0234\" width=\"200\" height=\"133\" srcset=\"https:\/\/seestlokalhistoriskeforening.dk\/wp-content\/uploads\/2019\/11\/DSC_0234-200x133.jpg 200w, https:\/\/seestlokalhistoriskeforening.dk\/wp-content\/uploads\/2019\/11\/DSC_0234-300x199.jpg 300w, https:\/\/seestlokalhistoriskeforening.dk\/wp-content\/uploads\/2019\/11\/DSC_0234-768x510.jpg 768w, https:\/\/seestlokalhistoriskeforening.dk\/wp-content\/uploads\/2019\/11\/DSC_0234-1024x681.jpg 1024w\" sizes=\"auto, (max-width: 200px) 100vw, 200px\" \/><\/a> <a href=\"https:\/\/seestlokalhistoriskeforening.dk\/wp-content\/uploads\/2019\/11\/DSC_0233.jpg\"><img loading=\"lazy\" decoding=\"async\" class=\"alignleft size-thumbnail wp-image-2123\" src=\"https:\/\/seestlokalhistoriskeforening.dk\/wp-content\/uploads\/2019\/11\/DSC_0233-200x133.jpg\" alt=\"DSC_0233\" width=\"200\" height=\"133\" srcset=\"https:\/\/seestlokalhistoriskeforening.dk\/wp-content\/uploads\/2019\/11\/DSC_0233-200x133.jpg 200w, https:\/\/seestlokalhistoriskeforening.dk\/wp-content\/uploads\/2019\/11\/DSC_0233-300x199.jpg 300w, https:\/\/seestlokalhistoriskeforening.dk\/wp-content\/uploads\/2019\/11\/DSC_0233-768x510.jpg 768w, https:\/\/seestlokalhistoriskeforening.dk\/wp-content\/uploads\/2019\/11\/DSC_0233-1024x681.jpg 1024w\" sizes=\"auto, (max-width: 200px) 100vw, 200px\" \/><\/a><\/p>\n","protected":false},"excerpt":{"rendered":"<p>48 feststemte medlemmer m\u00f8dte op til foreningens julem\u00f8de, der blev afholdt den 16. dec. i Sognehuset. Julem\u00f8det blev afholdt i en lidt anden form end tidligere, idet der ikke var en egentlig dagsorden. Ordet var frit fra starten og alle, der havde noget p\u00e5 hjertet, havde fri taletid. \u00c5rstidens sange blev sunget samt de gode [&hellip;]<\/p>\n","protected":false},"author":1,"featured_media":0,"parent":0,"menu_order":0,"comment_status":"closed","ping_status":"closed","template":"","meta":{"footnotes":""},"class_list":["post-2106","page","type-page","status-publish","czr-hentry"],"_links":{"self":[{"href":"https:\/\/seestlokalhistoriskeforening.dk\/index.php?rest_route=\/wp\/v2\/pages\/2106","targetHints":{"allow":["GET"]}}],"collection":[{"href":"https:\/\/seestlokalhistoriskeforening.dk\/index.php?rest_route=\/wp\/v2\/pages"}],"about":[{"href":"https:\/\/seestlokalhistoriskeforening.dk\/index.php?rest_route=\/wp\/v2\/types\/page"}],"author":[{"embeddable":true,"href":"https:\/\/seestlokalhistoriskeforening.dk\/index.php?rest_route=\/wp\/v2\/users\/1"}],"replies":[{"embeddable":true,"href":"https:\/\/seestlokalhistoriskeforening.dk\/index.php?rest_route=%2Fwp%2Fv2%2Fcomments&post=2106"}],"version-history":[{"count":6,"href":"https:\/\/seestlokalhistoriskeforening.dk\/index.php?rest_route=\/wp\/v2\/pages\/2106\/revisions"}],"predecessor-version":[{"id":2129,"href":"https:\/\/seestlokalhistoriskeforening.dk\/index.php?rest_route=\/wp\/v2\/pages\/2106\/revisions\/2129"}],"wp:attachment":[{"href":"https:\/\/seestlokalhistoriskeforening.dk\/index.php?rest_route=%2Fwp%2Fv2%2Fmedia&parent=2106"}],"curies":[{"name":"wp","href":"https:\/\/api.w.org\/{rel}","templated":true}]}}