{"id":1952,"date":"2019-05-27T09:47:13","date_gmt":"2019-05-27T09:47:13","guid":{"rendered":"https:\/\/seestlokalhistoriskeforening.dk\/?page_id=1952"},"modified":"2019-05-27T10:01:25","modified_gmt":"2019-05-27T10:01:25","slug":"skulpturparken-22-maj-2019","status":"publish","type":"page","link":"https:\/\/seestlokalhistoriskeforening.dk\/?page_id=1952","title":{"rendered":"Skulpturparken 22. maj 2019"},"content":{"rendered":"<h2 style=\"text-align: center;\">Med Ludvig til \u201dSkulpturparken\u201d 22. maj 2019<\/h2>\n<p>&nbsp;<\/p>\n<p style=\"text-align: center;\">P\u00e5 en lidt k\u00f8lig og bl\u00e6sende majaften var godt 20 personer m\u00f8dt op, if\u00f8rt travesko og varmt t\u00f8j, til turen gennem Skulpturparken med Ludvig.<\/p>\n<p style=\"text-align: center;\">Alt sammen placeret oven p\u00e5 den gamle fyldplads for enden af Overbyvej. Langt fra f\u00e6rdig, men godt p\u00e5 vej.<\/p>\n<p style=\"text-align: center;\">Efter en gennemgang af parken gik turen ned gennem skoven, ned til jernbanen og motorvejen. P\u00e5 turen fortalte Ludvig om de gamle g\u00e5rde,<\/p>\n<p style=\"text-align: center;\">der havde ligget p\u00e5 stedet og om den meget vand i undergrunden. \u00d8mme i benene n\u00e5ede selskabet tilbage til bilerne, og s\u00e5 gik turen til hjemmet p\u00e5<\/p>\n<p style=\"text-align: center;\">Hylkedalvej, hvor Grethe havde gjort klar til det store rykind af de tr\u00e6tte deltagere. Den medbragte kaffe og kage kom p\u00e5 bordet og<\/p>\n<p style=\"text-align: center;\">Ludvig svarede p\u00e5 sp\u00f8rgsm\u00e5l. Formanden for Lokalforeningen Arne Hansen takkede s\u00e5vel Grethe som Ludvig for det<\/p>\n<p style=\"text-align: center;\">gode arrangement og overrakte Ludvig to flasker vin.<\/p>\n<p style=\"text-align: center;\">Mvh.<\/p>\n<p style=\"text-align: center;\">Bestyrelsen<\/p>\n<p style=\"text-align: center;\"><a href=\"https:\/\/seestlokalhistoriskeforening.dk\/wp-content\/uploads\/2019\/05\/DSC_0076-2.jpg\"><img loading=\"lazy\" decoding=\"async\" class=\"alignleft size-thumbnail wp-image-1957\" src=\"https:\/\/seestlokalhistoriskeforening.dk\/wp-content\/uploads\/2019\/05\/DSC_0076-2-200x133.jpg\" alt=\"DSC_0076-2\" width=\"200\" height=\"133\" srcset=\"https:\/\/seestlokalhistoriskeforening.dk\/wp-content\/uploads\/2019\/05\/DSC_0076-2-200x133.jpg 200w, https:\/\/seestlokalhistoriskeforening.dk\/wp-content\/uploads\/2019\/05\/DSC_0076-2-300x199.jpg 300w, https:\/\/seestlokalhistoriskeforening.dk\/wp-content\/uploads\/2019\/05\/DSC_0076-2-768x510.jpg 768w, https:\/\/seestlokalhistoriskeforening.dk\/wp-content\/uploads\/2019\/05\/DSC_0076-2-1024x681.jpg 1024w\" sizes=\"auto, (max-width: 200px) 100vw, 200px\" \/><\/a> <a href=\"https:\/\/seestlokalhistoriskeforening.dk\/wp-content\/uploads\/2019\/05\/DSC_0098-2.jpg\"><img loading=\"lazy\" decoding=\"async\" class=\"alignleft size-thumbnail wp-image-1958\" src=\"https:\/\/seestlokalhistoriskeforening.dk\/wp-content\/uploads\/2019\/05\/DSC_0098-2-200x133.jpg\" alt=\"DSC_0098-2\" width=\"200\" height=\"133\" srcset=\"https:\/\/seestlokalhistoriskeforening.dk\/wp-content\/uploads\/2019\/05\/DSC_0098-2-200x133.jpg 200w, https:\/\/seestlokalhistoriskeforening.dk\/wp-content\/uploads\/2019\/05\/DSC_0098-2-300x199.jpg 300w, https:\/\/seestlokalhistoriskeforening.dk\/wp-content\/uploads\/2019\/05\/DSC_0098-2-768x510.jpg 768w, https:\/\/seestlokalhistoriskeforening.dk\/wp-content\/uploads\/2019\/05\/DSC_0098-2-1024x681.jpg 1024w\" sizes=\"auto, (max-width: 200px) 100vw, 200px\" \/><\/a> <a href=\"https:\/\/seestlokalhistoriskeforening.dk\/wp-content\/uploads\/2019\/05\/DSC_0101-2.jpg\"><img loading=\"lazy\" decoding=\"async\" class=\"alignleft size-thumbnail wp-image-1959\" src=\"https:\/\/seestlokalhistoriskeforening.dk\/wp-content\/uploads\/2019\/05\/DSC_0101-2-200x133.jpg\" alt=\"DSC_0101-2\" width=\"200\" height=\"133\" srcset=\"https:\/\/seestlokalhistoriskeforening.dk\/wp-content\/uploads\/2019\/05\/DSC_0101-2-200x133.jpg 200w, https:\/\/seestlokalhistoriskeforening.dk\/wp-content\/uploads\/2019\/05\/DSC_0101-2-300x199.jpg 300w, https:\/\/seestlokalhistoriskeforening.dk\/wp-content\/uploads\/2019\/05\/DSC_0101-2-768x510.jpg 768w, https:\/\/seestlokalhistoriskeforening.dk\/wp-content\/uploads\/2019\/05\/DSC_0101-2-1024x681.jpg 1024w\" sizes=\"auto, (max-width: 200px) 100vw, 200px\" \/><\/a><a href=\"https:\/\/seestlokalhistoriskeforening.dk\/wp-content\/uploads\/2019\/05\/DSC_0107-2.jpg\"><img loading=\"lazy\" decoding=\"async\" class=\"alignleft size-thumbnail wp-image-1960\" src=\"https:\/\/seestlokalhistoriskeforening.dk\/wp-content\/uploads\/2019\/05\/DSC_0107-2-200x133.jpg\" alt=\"DSC_0107-2\" width=\"200\" height=\"133\" srcset=\"https:\/\/seestlokalhistoriskeforening.dk\/wp-content\/uploads\/2019\/05\/DSC_0107-2-200x133.jpg 200w, https:\/\/seestlokalhistoriskeforening.dk\/wp-content\/uploads\/2019\/05\/DSC_0107-2-300x199.jpg 300w, https:\/\/seestlokalhistoriskeforening.dk\/wp-content\/uploads\/2019\/05\/DSC_0107-2-768x510.jpg 768w, https:\/\/seestlokalhistoriskeforening.dk\/wp-content\/uploads\/2019\/05\/DSC_0107-2-1024x681.jpg 1024w\" sizes=\"auto, (max-width: 200px) 100vw, 200px\" \/><\/a><a href=\"https:\/\/seestlokalhistoriskeforening.dk\/wp-content\/uploads\/2019\/05\/DSC_0086-2.jpg\"><img loading=\"lazy\" decoding=\"async\" class=\"alignleft size-thumbnail wp-image-1961\" src=\"https:\/\/seestlokalhistoriskeforening.dk\/wp-content\/uploads\/2019\/05\/DSC_0086-2-200x133.jpg\" alt=\"DSC_0086-2\" width=\"200\" height=\"133\" srcset=\"https:\/\/seestlokalhistoriskeforening.dk\/wp-content\/uploads\/2019\/05\/DSC_0086-2-200x133.jpg 200w, https:\/\/seestlokalhistoriskeforening.dk\/wp-content\/uploads\/2019\/05\/DSC_0086-2-300x199.jpg 300w, https:\/\/seestlokalhistoriskeforening.dk\/wp-content\/uploads\/2019\/05\/DSC_0086-2-768x510.jpg 768w, https:\/\/seestlokalhistoriskeforening.dk\/wp-content\/uploads\/2019\/05\/DSC_0086-2-1024x681.jpg 1024w\" sizes=\"auto, (max-width: 200px) 100vw, 200px\" \/><\/a> <a href=\"https:\/\/seestlokalhistoriskeforening.dk\/wp-content\/uploads\/2019\/05\/DSC_0093-2.jpg\"><img loading=\"lazy\" decoding=\"async\" class=\"alignleft size-thumbnail wp-image-1962\" src=\"https:\/\/seestlokalhistoriskeforening.dk\/wp-content\/uploads\/2019\/05\/DSC_0093-2-200x133.jpg\" alt=\"DSC_0093-2\" width=\"200\" height=\"133\" srcset=\"https:\/\/seestlokalhistoriskeforening.dk\/wp-content\/uploads\/2019\/05\/DSC_0093-2-200x133.jpg 200w, https:\/\/seestlokalhistoriskeforening.dk\/wp-content\/uploads\/2019\/05\/DSC_0093-2-300x199.jpg 300w, https:\/\/seestlokalhistoriskeforening.dk\/wp-content\/uploads\/2019\/05\/DSC_0093-2-768x510.jpg 768w, https:\/\/seestlokalhistoriskeforening.dk\/wp-content\/uploads\/2019\/05\/DSC_0093-2-1024x681.jpg 1024w\" sizes=\"auto, (max-width: 200px) 100vw, 200px\" \/><\/a> <a href=\"https:\/\/seestlokalhistoriskeforening.dk\/wp-content\/uploads\/2019\/05\/DSC_0105-5.jpg\"><img loading=\"lazy\" decoding=\"async\" class=\"alignleft size-thumbnail wp-image-1963\" src=\"https:\/\/seestlokalhistoriskeforening.dk\/wp-content\/uploads\/2019\/05\/DSC_0105-5-200x133.jpg\" alt=\"DSC_0105-5\" width=\"200\" height=\"133\" srcset=\"https:\/\/seestlokalhistoriskeforening.dk\/wp-content\/uploads\/2019\/05\/DSC_0105-5-200x133.jpg 200w, https:\/\/seestlokalhistoriskeforening.dk\/wp-content\/uploads\/2019\/05\/DSC_0105-5-300x199.jpg 300w, https:\/\/seestlokalhistoriskeforening.dk\/wp-content\/uploads\/2019\/05\/DSC_0105-5-768x510.jpg 768w, https:\/\/seestlokalhistoriskeforening.dk\/wp-content\/uploads\/2019\/05\/DSC_0105-5-1024x681.jpg 1024w\" sizes=\"auto, (max-width: 200px) 100vw, 200px\" \/><\/a> <a href=\"https:\/\/seestlokalhistoriskeforening.dk\/wp-content\/uploads\/2019\/05\/DSC_0106-2.jpg\"><img loading=\"lazy\" decoding=\"async\" class=\"alignleft size-thumbnail wp-image-1964\" src=\"https:\/\/seestlokalhistoriskeforening.dk\/wp-content\/uploads\/2019\/05\/DSC_0106-2-200x133.jpg\" alt=\"DSC_0106-2\" width=\"200\" height=\"133\" srcset=\"https:\/\/seestlokalhistoriskeforening.dk\/wp-content\/uploads\/2019\/05\/DSC_0106-2-200x133.jpg 200w, https:\/\/seestlokalhistoriskeforening.dk\/wp-content\/uploads\/2019\/05\/DSC_0106-2-300x199.jpg 300w, https:\/\/seestlokalhistoriskeforening.dk\/wp-content\/uploads\/2019\/05\/DSC_0106-2-768x510.jpg 768w, https:\/\/seestlokalhistoriskeforening.dk\/wp-content\/uploads\/2019\/05\/DSC_0106-2-1024x681.jpg 1024w\" sizes=\"auto, (max-width: 200px) 100vw, 200px\" \/><\/a><\/p>\n<p style=\"text-align: center;\">\n<p style=\"text-align: center;\">\n","protected":false},"excerpt":{"rendered":"<p>Med Ludvig til \u201dSkulpturparken\u201d 22. maj 2019 &nbsp; P\u00e5 en lidt k\u00f8lig og bl\u00e6sende majaften var godt 20 personer m\u00f8dt op, if\u00f8rt travesko og varmt t\u00f8j, til turen gennem Skulpturparken med Ludvig. Alt sammen placeret oven p\u00e5 den gamle fyldplads for enden af Overbyvej. Langt fra f\u00e6rdig, men godt p\u00e5 vej. Efter en gennemgang af [&hellip;]<\/p>\n","protected":false},"author":1,"featured_media":0,"parent":0,"menu_order":0,"comment_status":"closed","ping_status":"closed","template":"","meta":{"footnotes":""},"class_list":["post-1952","page","type-page","status-publish","czr-hentry"],"_links":{"self":[{"href":"https:\/\/seestlokalhistoriskeforening.dk\/index.php?rest_route=\/wp\/v2\/pages\/1952","targetHints":{"allow":["GET"]}}],"collection":[{"href":"https:\/\/seestlokalhistoriskeforening.dk\/index.php?rest_route=\/wp\/v2\/pages"}],"about":[{"href":"https:\/\/seestlokalhistoriskeforening.dk\/index.php?rest_route=\/wp\/v2\/types\/page"}],"author":[{"embeddable":true,"href":"https:\/\/seestlokalhistoriskeforening.dk\/index.php?rest_route=\/wp\/v2\/users\/1"}],"replies":[{"embeddable":true,"href":"https:\/\/seestlokalhistoriskeforening.dk\/index.php?rest_route=%2Fwp%2Fv2%2Fcomments&post=1952"}],"version-history":[{"count":4,"href":"https:\/\/seestlokalhistoriskeforening.dk\/index.php?rest_route=\/wp\/v2\/pages\/1952\/revisions"}],"predecessor-version":[{"id":1955,"href":"https:\/\/seestlokalhistoriskeforening.dk\/index.php?rest_route=\/wp\/v2\/pages\/1952\/revisions\/1955"}],"wp:attachment":[{"href":"https:\/\/seestlokalhistoriskeforening.dk\/index.php?rest_route=%2Fwp%2Fv2%2Fmedia&parent=1952"}],"curies":[{"name":"wp","href":"https:\/\/api.w.org\/{rel}","templated":true}]}}

<h2 style="text-align: center;">Med Ludvig til ”Skulpturparken” 22. maj 2019</h2>
<p>&nbsp;</p>
<p style="text-align: center;">På en lidt kølig og blæsende majaften var godt 20 personer mødt op, iført travesko og varmt tøj, til turen gennem Skulpturparken med Ludvig.</p>
<p style="text-align: center;">Alt sammen placeret oven på den gamle fyldplads for enden af Overbyvej. Langt fra færdig, men godt på vej.</p>
<p style="text-align: center;">Efter en gennemgang af parken gik turen ned gennem skoven, ned til jernbanen og motorvejen. På turen fortalte Ludvig om de gamle gårde,</p>
<p style="text-align: center;">der havde ligget på stedet og om den meget vand i undergrunden. Ømme i benene nåede selskabet tilbage til bilerne, og så gik turen til hjemmet på</p>
<p style="text-align: center;">Hylkedalvej, hvor Grethe havde gjort klar til det store rykind af de trætte deltagere. Den medbragte kaffe og kage kom på bordet og</p>
<p style="text-align: center;">Ludvig svarede på spørgsmål. Formanden for Lokalforeningen Arne Hansen takkede såvel Grethe som Ludvig for det</p>
<p style="text-align: center;">gode arrangement og overrakte Ludvig to flasker vin.</p>
<p style="text-align: center;">Mvh.</p>
<p style="text-align: center;">Bestyrelsen</p>
<p style="text-align: center;"><a href="https://seestlokalhistoriskeforening.dk/wp-content/uploads/2019/05/DSC_0076-2.jpg"><img loading="lazy" decoding="async" class="alignleft size-thumbnail wp-image-1957" src="https://seestlokalhistoriskeforening.dk/wp-content/uploads/2019/05/DSC_0076-2-200x133.jpg" alt="DSC_0076-2" width="200" height="133" srcset="https://seestlokalhistoriskeforening.dk/wp-content/uploads/2019/05/DSC_0076-2-200x133.jpg 200w, https://seestlokalhistoriskeforening.dk/wp-content/uploads/2019/05/DSC_0076-2-300x199.jpg 300w, https://seestlokalhistoriskeforening.dk/wp-content/uploads/2019/05/DSC_0076-2-768x510.jpg 768w, https://seestlokalhistoriskeforening.dk/wp-content/uploads/2019/05/DSC_0076-2-1024x681.jpg 1024w" sizes="auto, (max-width: 200px) 100vw, 200px" /></a> <a href="https://seestlokalhistoriskeforening.dk/wp-content/uploads/2019/05/DSC_0098-2.jpg"><img loading="lazy" decoding="async" class="alignleft size-thumbnail wp-image-1958" src="https://seestlokalhistoriskeforening.dk/wp-content/uploads/2019/05/DSC_0098-2-200x133.jpg" alt="DSC_0098-2" width="200" height="133" srcset="https://seestlokalhistoriskeforening.dk/wp-content/uploads/2019/05/DSC_0098-2-200x133.jpg 200w, https://seestlokalhistoriskeforening.dk/wp-content/uploads/2019/05/DSC_0098-2-300x199.jpg 300w, https://seestlokalhistoriskeforening.dk/wp-content/uploads/2019/05/DSC_0098-2-768x510.jpg 768w, https://seestlokalhistoriskeforening.dk/wp-content/uploads/2019/05/DSC_0098-2-1024x681.jpg 1024w" sizes="auto, (max-width: 200px) 100vw, 200px" /></a> <a href="https://seestlokalhistoriskeforening.dk/wp-content/uploads/2019/05/DSC_0101-2.jpg"><img loading="lazy" decoding="async" class="alignleft size-thumbnail wp-image-1959" src="https://seestlokalhistoriskeforening.dk/wp-content/uploads/2019/05/DSC_0101-2-200x133.jpg" alt="DSC_0101-2" width="200" height="133" srcset="https://seestlokalhistoriskeforening.dk/wp-content/uploads/2019/05/DSC_0101-2-200x133.jpg 200w, https://seestlokalhistoriskeforening.dk/wp-content/uploads/2019/05/DSC_0101-2-300x199.jpg 300w, https://seestlokalhistoriskeforening.dk/wp-content/uploads/2019/05/DSC_0101-2-768x510.jpg 768w, https://seestlokalhistoriskeforening.dk/wp-content/uploads/2019/05/DSC_0101-2-1024x681.jpg 1024w" sizes="auto, (max-width: 200px) 100vw, 200px" /></a><a href="https://seestlokalhistoriskeforening.dk/wp-content/uploads/2019/05/DSC_0107-2.jpg"><img loading="lazy" decoding="async" class="alignleft size-thumbnail wp-image-1960" src="https://seestlokalhistoriskeforening.dk/wp-content/uploads/2019/05/DSC_0107-2-200x133.jpg" alt="DSC_0107-2" width="200" height="133" srcset="https://seestlokalhistoriskeforening.dk/wp-content/uploads/2019/05/DSC_0107-2-200x133.jpg 200w, https://seestlokalhistoriskeforening.dk/wp-content/uploads/2019/05/DSC_0107-2-300x199.jpg 300w, https://seestlokalhistoriskeforening.dk/wp-content/uploads/2019/05/DSC_0107-2-768x510.jpg 768w, https://seestlokalhistoriskeforening.dk/wp-content/uploads/2019/05/DSC_0107-2-1024x681.jpg 1024w" sizes="auto, (max-width: 200px) 100vw, 200px" /></a><a href="https://seestlokalhistoriskeforening.dk/wp-content/uploads/2019/05/DSC_0086-2.jpg"><img loading="lazy" decoding="async" class="alignleft size-thumbnail wp-image-1961" src="https://seestlokalhistoriskeforening.dk/wp-content/uploads/2019/05/DSC_0086-2-200x133.jpg" alt="DSC_0086-2" width="200" height="133" srcset="https://seestlokalhistoriskeforening.dk/wp-content/uploads/2019/05/DSC_0086-2-200x133.jpg 200w, https://seestlokalhistoriskeforening.dk/wp-content/uploads/2019/05/DSC_0086-2-300x199.jpg 300w, https://seestlokalhistoriskeforening.dk/wp-content/uploads/2019/05/DSC_0086-2-768x510.jpg 768w, https://seestlokalhistoriskeforening.dk/wp-content/uploads/2019/05/DSC_0086-2-1024x681.jpg 1024w" sizes="auto, (max-width: 200px) 100vw, 200px" /></a> <a href="https://seestlokalhistoriskeforening.dk/wp-content/uploads/2019/05/DSC_0093-2.jpg"><img loading="lazy" decoding="async" class="alignleft size-thumbnail wp-image-1962" src="https://seestlokalhistoriskeforening.dk/wp-content/uploads/2019/05/DSC_0093-2-200x133.jpg" alt="DSC_0093-2" width="200" height="133" srcset="https://seestlokalhistoriskeforening.dk/wp-content/uploads/2019/05/DSC_0093-2-200x133.jpg 200w, https://seestlokalhistoriskeforening.dk/wp-content/uploads/2019/05/DSC_0093-2-300x199.jpg 300w, https://seestlokalhistoriskeforening.dk/wp-content/uploads/2019/05/DSC_0093-2-768x510.jpg 768w, https://seestlokalhistoriskeforening.dk/wp-content/uploads/2019/05/DSC_0093-2-1024x681.jpg 1024w" sizes="auto, (max-width: 200px) 100vw, 200px" /></a> <a href="https://seestlokalhistoriskeforening.dk/wp-content/uploads/2019/05/DSC_0105-5.jpg"><img loading="lazy" decoding="async" class="alignleft size-thumbnail wp-image-1963" src="https://seestlokalhistoriskeforening.dk/wp-content/uploads/2019/05/DSC_0105-5-200x133.jpg" alt="DSC_0105-5" width="200" height="133" srcset="https://seestlokalhistoriskeforening.dk/wp-content/uploads/2019/05/DSC_0105-5-200x133.jpg 200w, https://seestlokalhistoriskeforening.dk/wp-content/uploads/2019/05/DSC_0105-5-300x199.jpg 300w, https://seestlokalhistoriskeforening.dk/wp-content/uploads/2019/05/DSC_0105-5-768x510.jpg 768w, https://seestlokalhistoriskeforening.dk/wp-content/uploads/2019/05/DSC_0105-5-1024x681.jpg 1024w" sizes="auto, (max-width: 200px) 100vw, 200px" /></a> <a href="https://seestlokalhistoriskeforening.dk/wp-content/uploads/2019/05/DSC_0106-2.jpg"><img loading="lazy" decoding="async" class="alignleft size-thumbnail wp-image-1964" src="https://seestlokalhistoriskeforening.dk/wp-content/uploads/2019/05/DSC_0106-2-200x133.jpg" alt="DSC_0106-2" width="200" height="133" srcset="https://seestlokalhistoriskeforening.dk/wp-content/uploads/2019/05/DSC_0106-2-200x133.jpg 200w, https://seestlokalhistoriskeforening.dk/wp-content/uploads/2019/05/DSC_0106-2-300x199.jpg 300w, https://seestlokalhistoriskeforening.dk/wp-content/uploads/2019/05/DSC_0106-2-768x510.jpg 768w, https://seestlokalhistoriskeforening.dk/wp-content/uploads/2019/05/DSC_0106-2-1024x681.jpg 1024w" sizes="auto, (max-width: 200px) 100vw, 200px" /></a></p>
<p style="text-align: center;">
<p style="text-align: center;">

<p>Med Ludvig til ”Skulpturparken” 22. maj 2019 &nbsp; På en lidt kølig og blæsende majaften var godt 20 personer mødt op, iført travesko og varmt tøj, til turen gennem Skulpturparken med Ludvig. Alt sammen placeret oven på den gamle fyldplads for enden af Overbyvej. Langt fra færdig, men godt på vej. Efter en gennemgang af [&hellip;]</p>
