{"id":1693,"date":"2018-01-09T13:46:06","date_gmt":"2018-01-09T13:46:06","guid":{"rendered":"https:\/\/seestlokalhistoriskeforening.dk\/?page_id=1693"},"modified":"2018-01-09T14:03:49","modified_gmt":"2018-01-09T14:03:49","slug":"vinterskolen-i-seest-oesterskov","status":"publish","type":"page","link":"https:\/\/seestlokalhistoriskeforening.dk\/?page_id=1693","title":{"rendered":"Vinterskolen i Seest \u00d8sterskov 1899 &#8211; 1949"},"content":{"rendered":"<p>&nbsp;<\/p>\n<p>&nbsp;<\/p>\n<h3 style=\"text-align: center;\">Tryk p\u00e5 nedenst\u00e5ende link:<\/h3>\n<h3 style=\"text-align: center;\"><span style=\"color: #0000ff;\"><a style=\"color: #0000ff;\" href=\"https:\/\/seestlokalhistoriskeforening.dk\/wp-content\/uploads\/2018\/01\/Vinterskolen-i-Seest-\u00d8sterskov-1899-1949.pdf\">Vinterskolen i Seest \u00d8sterskov 1899 &#8211; 1949<\/a><\/span><\/h3>\n<h3 style=\"text-align: center;\">Bem\u00e6rk venligst, det er en PDF-fil der \u00e5bnes.<\/h3>\n","protected":false},"excerpt":{"rendered":"<p>&nbsp; &nbsp; Tryk p\u00e5 nedenst\u00e5ende link: Vinterskolen i Seest \u00d8sterskov 1899 &#8211; 1949 Bem\u00e6rk venligst, det er en PDF-fil der \u00e5bnes.<\/p>\n","protected":false},"author":1,"featured_media":0,"parent":0,"menu_order":0,"comment_status":"closed","ping_status":"closed","template":"","meta":{"footnotes":""},"class_list":["post-1693","page","type-page","status-publish","czr-hentry"],"_links":{"self":[{"href":"https:\/\/seestlokalhistoriskeforening.dk\/index.php?rest_route=\/wp\/v2\/pages\/1693","targetHints":{"allow":["GET"]}}],"collection":[{"href":"https:\/\/seestlokalhistoriskeforening.dk\/index.php?rest_route=\/wp\/v2\/pages"}],"about":[{"href":"https:\/\/seestlokalhistoriskeforening.dk\/index.php?rest_route=\/wp\/v2\/types\/page"}],"author":[{"embeddable":true,"href":"https:\/\/seestlokalhistoriskeforening.dk\/index.php?rest_route=\/wp\/v2\/users\/1"}],"replies":[{"embeddable":true,"href":"https:\/\/seestlokalhistoriskeforening.dk\/index.php?rest_route=%2Fwp%2Fv2%2Fcomments&post=1693"}],"version-history":[{"count":5,"href":"https:\/\/seestlokalhistoriskeforening.dk\/index.php?rest_route=\/wp\/v2\/pages\/1693\/revisions"}],"predecessor-version":[{"id":1708,"href":"https:\/\/seestlokalhistoriskeforening.dk\/index.php?rest_route=\/wp\/v2\/pages\/1693\/revisions\/1708"}],"wp:attachment":[{"href":"https:\/\/seestlokalhistoriskeforening.dk\/index.php?rest_route=%2Fwp%2Fv2%2Fmedia&parent=1693"}],"curies":[{"name":"wp","href":"https:\/\/api.w.org\/{rel}","templated":true}]}}