{"id":1527,"date":"2017-06-26T14:03:43","date_gmt":"2017-06-26T14:03:43","guid":{"rendered":"https:\/\/seestlokalhistoriskeforening.dk\/?page_id=1527"},"modified":"2017-06-26T15:04:08","modified_gmt":"2017-06-26T15:04:08","slug":"hylkedalen-12-juni-2017","status":"publish","type":"page","link":"https:\/\/seestlokalhistoriskeforening.dk\/?page_id=1527","title":{"rendered":"Hylkedalen 12. juni 2017"},"content":{"rendered":"<h4 style=\"text-align: center;\"><strong>Mandag den 12 juni <\/strong>havde Ludvig Dall inviteret til en guidet tur gennem den smukke Hylkedal, med udgangspunkt fra adressen Hylkedalvej 39.<\/h4>\n<h4 style=\"text-align: center;\">Trods det lidt k\u00f8lige og bl\u00e6sende vejr, havde en snes medlemmer fundet det interessant at deltage p\u00e5 turen. Enkelte medlemmer havde valgt<\/h4>\n<h4 style=\"text-align: center;\">at tage den smukke og s\u00e6rpr\u00e6gede have i n\u00e6rmere \u00f8jesyn, medens en oplagt skare fulgte med Ludvig gennem Hylkedalen.<\/h4>\n<h4 style=\"text-align: center;\">Efter turens samledes man i haven, hvor Ludvig fortalte om planter og fisk. Det fort\u00e6lles, at han \u2019n\u00e6sten\u2019 ikke var til at stoppe.<\/h4>\n<h4 style=\"text-align: center;\">Den medbragte madkurv blev indtaget i havestuen, hvor snakken fik frit l\u00f8b. Sluttelig takkede Arne Hansen for det fine arrangement,<\/h4>\n<h4 style=\"text-align: center;\">og havde i den forbindelse medbragt et par gode flasker r\u00f8dvin til v\u00e6rtsparret.<\/h4>\n<p>&nbsp;<\/p>\n<p><a href=\"https:\/\/seestlokalhistoriskeforening.dk\/?attachment_id=1540\" rel=\"attachment wp-att-1540\"><img loading=\"lazy\" decoding=\"async\" class=\"aligncenter wp-image-1540\" src=\"https:\/\/seestlokalhistoriskeforening.dk\/wp-content\/uploads\/2017\/06\/10.-683x1024.jpg\" alt=\"10.\" width=\"500\" height=\"750\" srcset=\"https:\/\/seestlokalhistoriskeforening.dk\/wp-content\/uploads\/2017\/06\/10.-683x1024.jpg 683w, https:\/\/seestlokalhistoriskeforening.dk\/wp-content\/uploads\/2017\/06\/10.-200x300.jpg 200w, https:\/\/seestlokalhistoriskeforening.dk\/wp-content\/uploads\/2017\/06\/10.-768x1152.jpg 768w, https:\/\/seestlokalhistoriskeforening.dk\/wp-content\/uploads\/2017\/06\/10..jpg 2000w\" sizes=\"auto, (max-width: 500px) 100vw, 500px\" \/><\/a><\/p>\n<p>&nbsp;<\/p>\n<p><a href=\"https:\/\/seestlokalhistoriskeforening.dk\/?attachment_id=1538\" rel=\"attachment wp-att-1538\"><img loading=\"lazy\" decoding=\"async\" class=\"alignleft wp-image-1538\" src=\"https:\/\/seestlokalhistoriskeforening.dk\/wp-content\/uploads\/2017\/06\/8.-300x200.jpg\" alt=\"8.\" width=\"275\" height=\"183\" srcset=\"https:\/\/seestlokalhistoriskeforening.dk\/wp-content\/uploads\/2017\/06\/8.-300x200.jpg 300w, https:\/\/seestlokalhistoriskeforening.dk\/wp-content\/uploads\/2017\/06\/8.-768x512.jpg 768w, https:\/\/seestlokalhistoriskeforening.dk\/wp-content\/uploads\/2017\/06\/8.-1024x682.jpg 1024w, https:\/\/seestlokalhistoriskeforening.dk\/wp-content\/uploads\/2017\/06\/8..jpg 2000w\" sizes=\"auto, (max-width: 275px) 100vw, 275px\" \/><\/a> <a href=\"https:\/\/seestlokalhistoriskeforening.dk\/?attachment_id=1539\" rel=\"attachment wp-att-1539\"><img loading=\"lazy\" decoding=\"async\" class=\"alignleft wp-image-1539\" src=\"https:\/\/seestlokalhistoriskeforening.dk\/wp-content\/uploads\/2017\/06\/9.-300x200.jpg\" alt=\"9.\" width=\"275\" height=\"183\" srcset=\"https:\/\/seestlokalhistoriskeforening.dk\/wp-content\/uploads\/2017\/06\/9.-300x200.jpg 300w, https:\/\/seestlokalhistoriskeforening.dk\/wp-content\/uploads\/2017\/06\/9.-768x512.jpg 768w, https:\/\/seestlokalhistoriskeforening.dk\/wp-content\/uploads\/2017\/06\/9.-1024x682.jpg 1024w, https:\/\/seestlokalhistoriskeforening.dk\/wp-content\/uploads\/2017\/06\/9..jpg 2000w\" sizes=\"auto, (max-width: 275px) 100vw, 275px\" \/><\/a> <a href=\"https:\/\/seestlokalhistoriskeforening.dk\/?attachment_id=1537\" rel=\"attachment wp-att-1537\"><img loading=\"lazy\" decoding=\"async\" class=\"alignleft wp-image-1537\" src=\"https:\/\/seestlokalhistoriskeforening.dk\/wp-content\/uploads\/2017\/06\/7.-300x200.jpg\" alt=\"7.\" width=\"275\" height=\"183\" srcset=\"https:\/\/seestlokalhistoriskeforening.dk\/wp-content\/uploads\/2017\/06\/7.-300x200.jpg 300w, https:\/\/seestlokalhistoriskeforening.dk\/wp-content\/uploads\/2017\/06\/7.-768x512.jpg 768w, https:\/\/seestlokalhistoriskeforening.dk\/wp-content\/uploads\/2017\/06\/7.-1024x682.jpg 1024w, https:\/\/seestlokalhistoriskeforening.dk\/wp-content\/uploads\/2017\/06\/7..jpg 2000w\" sizes=\"auto, (max-width: 275px) 100vw, 275px\" \/><\/a><a href=\"https:\/\/seestlokalhistoriskeforening.dk\/?attachment_id=1536\" rel=\"attachment wp-att-1536\"><img loading=\"lazy\" decoding=\"async\" class=\"alignleft wp-image-1536\" src=\"https:\/\/seestlokalhistoriskeforening.dk\/wp-content\/uploads\/2017\/06\/6.-300x200.jpg\" alt=\"6.\" width=\"275\" height=\"183\" srcset=\"https:\/\/seestlokalhistoriskeforening.dk\/wp-content\/uploads\/2017\/06\/6.-300x200.jpg 300w, https:\/\/seestlokalhistoriskeforening.dk\/wp-content\/uploads\/2017\/06\/6.-768x512.jpg 768w, https:\/\/seestlokalhistoriskeforening.dk\/wp-content\/uploads\/2017\/06\/6.-1024x682.jpg 1024w, https:\/\/seestlokalhistoriskeforening.dk\/wp-content\/uploads\/2017\/06\/6..jpg 2000w\" sizes=\"auto, (max-width: 275px) 100vw, 275px\" \/><\/a><\/p>\n<p>&nbsp;<\/p>\n<p>&nbsp;<\/p>\n<p>&nbsp;<\/p>\n<p>&nbsp;<\/p>\n<p><a href=\"https:\/\/seestlokalhistoriskeforening.dk\/?attachment_id=1535\" rel=\"attachment wp-att-1535\"><img loading=\"lazy\" decoding=\"async\" class=\"alignleft wp-image-1535\" src=\"https:\/\/seestlokalhistoriskeforening.dk\/wp-content\/uploads\/2017\/06\/5.-300x200.jpg\" alt=\"5.\" width=\"275\" height=\"183\" srcset=\"https:\/\/seestlokalhistoriskeforening.dk\/wp-content\/uploads\/2017\/06\/5.-300x200.jpg 300w, https:\/\/seestlokalhistoriskeforening.dk\/wp-content\/uploads\/2017\/06\/5.-768x512.jpg 768w, https:\/\/seestlokalhistoriskeforening.dk\/wp-content\/uploads\/2017\/06\/5.-1024x682.jpg 1024w, https:\/\/seestlokalhistoriskeforening.dk\/wp-content\/uploads\/2017\/06\/5..jpg 2000w\" sizes=\"auto, (max-width: 275px) 100vw, 275px\" \/><\/a> <a href=\"https:\/\/seestlokalhistoriskeforening.dk\/?attachment_id=1534\" rel=\"attachment wp-att-1534\"><img loading=\"lazy\" decoding=\"async\" class=\"alignleft wp-image-1534\" src=\"https:\/\/seestlokalhistoriskeforening.dk\/wp-content\/uploads\/2017\/06\/4.-300x200.jpg\" alt=\"4.\" width=\"275\" height=\"183\" srcset=\"https:\/\/seestlokalhistoriskeforening.dk\/wp-content\/uploads\/2017\/06\/4.-300x200.jpg 300w, https:\/\/seestlokalhistoriskeforening.dk\/wp-content\/uploads\/2017\/06\/4.-768x512.jpg 768w, https:\/\/seestlokalhistoriskeforening.dk\/wp-content\/uploads\/2017\/06\/4.-1024x682.jpg 1024w, https:\/\/seestlokalhistoriskeforening.dk\/wp-content\/uploads\/2017\/06\/4..jpg 2000w\" sizes=\"auto, (max-width: 275px) 100vw, 275px\" \/><\/a> <a href=\"https:\/\/seestlokalhistoriskeforening.dk\/?attachment_id=1533\" rel=\"attachment wp-att-1533\"><img loading=\"lazy\" decoding=\"async\" class=\"alignleft wp-image-1533\" src=\"https:\/\/seestlokalhistoriskeforening.dk\/wp-content\/uploads\/2017\/06\/3.-300x200.jpg\" alt=\"3.\" width=\"275\" height=\"183\" srcset=\"https:\/\/seestlokalhistoriskeforening.dk\/wp-content\/uploads\/2017\/06\/3.-300x200.jpg 300w, https:\/\/seestlokalhistoriskeforening.dk\/wp-content\/uploads\/2017\/06\/3.-768x512.jpg 768w, https:\/\/seestlokalhistoriskeforening.dk\/wp-content\/uploads\/2017\/06\/3.-1024x682.jpg 1024w, https:\/\/seestlokalhistoriskeforening.dk\/wp-content\/uploads\/2017\/06\/3..jpg 2000w\" sizes=\"auto, (max-width: 275px) 100vw, 275px\" \/><\/a> <a href=\"https:\/\/seestlokalhistoriskeforening.dk\/?attachment_id=1532\" rel=\"attachment wp-att-1532\"><img loading=\"lazy\" decoding=\"async\" class=\"alignleft wp-image-1532\" src=\"https:\/\/seestlokalhistoriskeforening.dk\/wp-content\/uploads\/2017\/06\/2.-300x200.jpg\" alt=\"2.\" width=\"275\" height=\"183\" srcset=\"https:\/\/seestlokalhistoriskeforening.dk\/wp-content\/uploads\/2017\/06\/2.-300x200.jpg 300w, https:\/\/seestlokalhistoriskeforening.dk\/wp-content\/uploads\/2017\/06\/2.-768x512.jpg 768w, https:\/\/seestlokalhistoriskeforening.dk\/wp-content\/uploads\/2017\/06\/2.-1024x682.jpg 1024w, https:\/\/seestlokalhistoriskeforening.dk\/wp-content\/uploads\/2017\/06\/2..jpg 2000w\" sizes=\"auto, (max-width: 275px) 100vw, 275px\" \/><\/a> <a href=\"https:\/\/seestlokalhistoriskeforening.dk\/?attachment_id=1531\" rel=\"attachment wp-att-1531\"><img loading=\"lazy\" decoding=\"async\" class=\"aligncenter wp-image-1531\" src=\"https:\/\/seestlokalhistoriskeforening.dk\/wp-content\/uploads\/2017\/06\/1.-300x200.jpg\" alt=\"1.\" width=\"275\" height=\"183\" srcset=\"https:\/\/seestlokalhistoriskeforening.dk\/wp-content\/uploads\/2017\/06\/1.-300x200.jpg 300w, https:\/\/seestlokalhistoriskeforening.dk\/wp-content\/uploads\/2017\/06\/1.-768x512.jpg 768w, https:\/\/seestlokalhistoriskeforening.dk\/wp-content\/uploads\/2017\/06\/1.-1024x682.jpg 1024w, https:\/\/seestlokalhistoriskeforening.dk\/wp-content\/uploads\/2017\/06\/1..jpg 2000w\" sizes=\"auto, (max-width: 275px) 100vw, 275px\" \/><\/a><\/p>\n<p>&nbsp;<\/p>\n<p>&nbsp;<\/p>\n<p>&nbsp;<\/p>\n<p>&nbsp;<\/p>\n<p>&nbsp;<\/p>\n<p>&nbsp;<\/p>\n<p>&nbsp;<\/p>\n<p>&nbsp;<\/p>\n<p>&nbsp;<\/p>\n<p>&nbsp;<\/p>\n","protected":false},"excerpt":{"rendered":"<p>Mandag den 12 juni havde Ludvig Dall inviteret til en guidet tur gennem den smukke Hylkedal, med udgangspunkt fra adressen Hylkedalvej 39. Trods det lidt k\u00f8lige og bl\u00e6sende vejr, havde en snes medlemmer fundet det interessant at deltage p\u00e5 turen. Enkelte medlemmer havde valgt at tage den smukke og s\u00e6rpr\u00e6gede have i n\u00e6rmere \u00f8jesyn, medens [&hellip;]<\/p>\n","protected":false},"author":1,"featured_media":0,"parent":0,"menu_order":0,"comment_status":"closed","ping_status":"closed","template":"","meta":{"footnotes":""},"class_list":["post-1527","page","type-page","status-publish","czr-hentry"],"_links":{"self":[{"href":"https:\/\/seestlokalhistoriskeforening.dk\/index.php?rest_route=\/wp\/v2\/pages\/1527","targetHints":{"allow":["GET"]}}],"collection":[{"href":"https:\/\/seestlokalhistoriskeforening.dk\/index.php?rest_route=\/wp\/v2\/pages"}],"about":[{"href":"https:\/\/seestlokalhistoriskeforening.dk\/index.php?rest_route=\/wp\/v2\/types\/page"}],"author":[{"embeddable":true,"href":"https:\/\/seestlokalhistoriskeforening.dk\/index.php?rest_route=\/wp\/v2\/users\/1"}],"replies":[{"embeddable":true,"href":"https:\/\/seestlokalhistoriskeforening.dk\/index.php?rest_route=%2Fwp%2Fv2%2Fcomments&post=1527"}],"version-history":[{"count":11,"href":"https:\/\/seestlokalhistoriskeforening.dk\/index.php?rest_route=\/wp\/v2\/pages\/1527\/revisions"}],"predecessor-version":[{"id":1549,"href":"https:\/\/seestlokalhistoriskeforening.dk\/index.php?rest_route=\/wp\/v2\/pages\/1527\/revisions\/1549"}],"wp:attachment":[{"href":"https:\/\/seestlokalhistoriskeforening.dk\/index.php?rest_route=%2Fwp%2Fv2%2Fmedia&parent=1527"}],"curies":[{"name":"wp","href":"https:\/\/api.w.org\/{rel}","templated":true}]}}

<h4 style="text-align: center;"><strong>Mandag den 12 juni </strong>havde Ludvig Dall inviteret til en guidet tur gennem den smukke Hylkedal, med udgangspunkt fra adressen Hylkedalvej 39.</h4>
<h4 style="text-align: center;">Trods det lidt kølige og blæsende vejr, havde en snes medlemmer fundet det interessant at deltage på turen. Enkelte medlemmer havde valgt</h4>
<h4 style="text-align: center;">at tage den smukke og særprægede have i nærmere øjesyn, medens en oplagt skare fulgte med Ludvig gennem Hylkedalen.</h4>
<h4 style="text-align: center;">Efter turens samledes man i haven, hvor Ludvig fortalte om planter og fisk. Det fortælles, at han ’næsten’ ikke var til at stoppe.</h4>
<h4 style="text-align: center;">Den medbragte madkurv blev indtaget i havestuen, hvor snakken fik frit løb. Sluttelig takkede Arne Hansen for det fine arrangement,</h4>
<h4 style="text-align: center;">og havde i den forbindelse medbragt et par gode flasker rødvin til værtsparret.</h4>
<p>&nbsp;</p>
<p><a href="https://seestlokalhistoriskeforening.dk/?attachment_id=1540" rel="attachment wp-att-1540"><img loading="lazy" decoding="async" class="aligncenter wp-image-1540" src="https://seestlokalhistoriskeforening.dk/wp-content/uploads/2017/06/10.-683x1024.jpg" alt="10." width="500" height="750" srcset="https://seestlokalhistoriskeforening.dk/wp-content/uploads/2017/06/10.-683x1024.jpg 683w, https://seestlokalhistoriskeforening.dk/wp-content/uploads/2017/06/10.-200x300.jpg 200w, https://seestlokalhistoriskeforening.dk/wp-content/uploads/2017/06/10.-768x1152.jpg 768w, https://seestlokalhistoriskeforening.dk/wp-content/uploads/2017/06/10..jpg 2000w" sizes="auto, (max-width: 500px) 100vw, 500px" /></a></p>
<p>&nbsp;</p>
<p><a href="https://seestlokalhistoriskeforening.dk/?attachment_id=1538" rel="attachment wp-att-1538"><img loading="lazy" decoding="async" class="alignleft wp-image-1538" src="https://seestlokalhistoriskeforening.dk/wp-content/uploads/2017/06/8.-300x200.jpg" alt="8." width="275" height="183" srcset="https://seestlokalhistoriskeforening.dk/wp-content/uploads/2017/06/8.-300x200.jpg 300w, https://seestlokalhistoriskeforening.dk/wp-content/uploads/2017/06/8.-768x512.jpg 768w, https://seestlokalhistoriskeforening.dk/wp-content/uploads/2017/06/8.-1024x682.jpg 1024w, https://seestlokalhistoriskeforening.dk/wp-content/uploads/2017/06/8..jpg 2000w" sizes="auto, (max-width: 275px) 100vw, 275px" /></a> <a href="https://seestlokalhistoriskeforening.dk/?attachment_id=1539" rel="attachment wp-att-1539"><img loading="lazy" decoding="async" class="alignleft wp-image-1539" src="https://seestlokalhistoriskeforening.dk/wp-content/uploads/2017/06/9.-300x200.jpg" alt="9." width="275" height="183" srcset="https://seestlokalhistoriskeforening.dk/wp-content/uploads/2017/06/9.-300x200.jpg 300w, https://seestlokalhistoriskeforening.dk/wp-content/uploads/2017/06/9.-768x512.jpg 768w, https://seestlokalhistoriskeforening.dk/wp-content/uploads/2017/06/9.-1024x682.jpg 1024w, https://seestlokalhistoriskeforening.dk/wp-content/uploads/2017/06/9..jpg 2000w" sizes="auto, (max-width: 275px) 100vw, 275px" /></a> <a href="https://seestlokalhistoriskeforening.dk/?attachment_id=1537" rel="attachment wp-att-1537"><img loading="lazy" decoding="async" class="alignleft wp-image-1537" src="https://seestlokalhistoriskeforening.dk/wp-content/uploads/2017/06/7.-300x200.jpg" alt="7." width="275" height="183" srcset="https://seestlokalhistoriskeforening.dk/wp-content/uploads/2017/06/7.-300x200.jpg 300w, https://seestlokalhistoriskeforening.dk/wp-content/uploads/2017/06/7.-768x512.jpg 768w, https://seestlokalhistoriskeforening.dk/wp-content/uploads/2017/06/7.-1024x682.jpg 1024w, https://seestlokalhistoriskeforening.dk/wp-content/uploads/2017/06/7..jpg 2000w" sizes="auto, (max-width: 275px) 100vw, 275px" /></a><a href="https://seestlokalhistoriskeforening.dk/?attachment_id=1536" rel="attachment wp-att-1536"><img loading="lazy" decoding="async" class="alignleft wp-image-1536" src="https://seestlokalhistoriskeforening.dk/wp-content/uploads/2017/06/6.-300x200.jpg" alt="6." width="275" height="183" srcset="https://seestlokalhistoriskeforening.dk/wp-content/uploads/2017/06/6.-300x200.jpg 300w, https://seestlokalhistoriskeforening.dk/wp-content/uploads/2017/06/6.-768x512.jpg 768w, https://seestlokalhistoriskeforening.dk/wp-content/uploads/2017/06/6.-1024x682.jpg 1024w, https://seestlokalhistoriskeforening.dk/wp-content/uploads/2017/06/6..jpg 2000w" sizes="auto, (max-width: 275px) 100vw, 275px" /></a></p>
<p>&nbsp;</p>
<p>&nbsp;</p>
<p>&nbsp;</p>
<p>&nbsp;</p>
<p><a href="https://seestlokalhistoriskeforening.dk/?attachment_id=1535" rel="attachment wp-att-1535"><img loading="lazy" decoding="async" class="alignleft wp-image-1535" src="https://seestlokalhistoriskeforening.dk/wp-content/uploads/2017/06/5.-300x200.jpg" alt="5." width="275" height="183" srcset="https://seestlokalhistoriskeforening.dk/wp-content/uploads/2017/06/5.-300x200.jpg 300w, https://seestlokalhistoriskeforening.dk/wp-content/uploads/2017/06/5.-768x512.jpg 768w, https://seestlokalhistoriskeforening.dk/wp-content/uploads/2017/06/5.-1024x682.jpg 1024w, https://seestlokalhistoriskeforening.dk/wp-content/uploads/2017/06/5..jpg 2000w" sizes="auto, (max-width: 275px) 100vw, 275px" /></a> <a href="https://seestlokalhistoriskeforening.dk/?attachment_id=1534" rel="attachment wp-att-1534"><img loading="lazy" decoding="async" class="alignleft wp-image-1534" src="https://seestlokalhistoriskeforening.dk/wp-content/uploads/2017/06/4.-300x200.jpg" alt="4." width="275" height="183" srcset="https://seestlokalhistoriskeforening.dk/wp-content/uploads/2017/06/4.-300x200.jpg 300w, https://seestlokalhistoriskeforening.dk/wp-content/uploads/2017/06/4.-768x512.jpg 768w, https://seestlokalhistoriskeforening.dk/wp-content/uploads/2017/06/4.-1024x682.jpg 1024w, https://seestlokalhistoriskeforening.dk/wp-content/uploads/2017/06/4..jpg 2000w" sizes="auto, (max-width: 275px) 100vw, 275px" /></a> <a href="https://seestlokalhistoriskeforening.dk/?attachment_id=1533" rel="attachment wp-att-1533"><img loading="lazy" decoding="async" class="alignleft wp-image-1533" src="https://seestlokalhistoriskeforening.dk/wp-content/uploads/2017/06/3.-300x200.jpg" alt="3." width="275" height="183" srcset="https://seestlokalhistoriskeforening.dk/wp-content/uploads/2017/06/3.-300x200.jpg 300w, https://seestlokalhistoriskeforening.dk/wp-content/uploads/2017/06/3.-768x512.jpg 768w, https://seestlokalhistoriskeforening.dk/wp-content/uploads/2017/06/3.-1024x682.jpg 1024w, https://seestlokalhistoriskeforening.dk/wp-content/uploads/2017/06/3..jpg 2000w" sizes="auto, (max-width: 275px) 100vw, 275px" /></a> <a href="https://seestlokalhistoriskeforening.dk/?attachment_id=1532" rel="attachment wp-att-1532"><img loading="lazy" decoding="async" class="alignleft wp-image-1532" src="https://seestlokalhistoriskeforening.dk/wp-content/uploads/2017/06/2.-300x200.jpg" alt="2." width="275" height="183" srcset="https://seestlokalhistoriskeforening.dk/wp-content/uploads/2017/06/2.-300x200.jpg 300w, https://seestlokalhistoriskeforening.dk/wp-content/uploads/2017/06/2.-768x512.jpg 768w, https://seestlokalhistoriskeforening.dk/wp-content/uploads/2017/06/2.-1024x682.jpg 1024w, https://seestlokalhistoriskeforening.dk/wp-content/uploads/2017/06/2..jpg 2000w" sizes="auto, (max-width: 275px) 100vw, 275px" /></a> <a href="https://seestlokalhistoriskeforening.dk/?attachment_id=1531" rel="attachment wp-att-1531"><img loading="lazy" decoding="async" class="aligncenter wp-image-1531" src="https://seestlokalhistoriskeforening.dk/wp-content/uploads/2017/06/1.-300x200.jpg" alt="1." width="275" height="183" srcset="https://seestlokalhistoriskeforening.dk/wp-content/uploads/2017/06/1.-300x200.jpg 300w, https://seestlokalhistoriskeforening.dk/wp-content/uploads/2017/06/1.-768x512.jpg 768w, https://seestlokalhistoriskeforening.dk/wp-content/uploads/2017/06/1.-1024x682.jpg 1024w, https://seestlokalhistoriskeforening.dk/wp-content/uploads/2017/06/1..jpg 2000w" sizes="auto, (max-width: 275px) 100vw, 275px" /></a></p>
<p>&nbsp;</p>
<p>&nbsp;</p>
<p>&nbsp;</p>
<p>&nbsp;</p>
<p>&nbsp;</p>
<p>&nbsp;</p>
<p>&nbsp;</p>
<p>&nbsp;</p>
<p>&nbsp;</p>
<p>&nbsp;</p>

<p>Mandag den 12 juni havde Ludvig Dall inviteret til en guidet tur gennem den smukke Hylkedal, med udgangspunkt fra adressen Hylkedalvej 39. Trods det lidt kølige og blæsende vejr, havde en snes medlemmer fundet det interessant at deltage på turen. Enkelte medlemmer havde valgt at tage den smukke og særprægede have i nærmere øjesyn, medens [&hellip;]</p>
