{"id":1508,"date":"2017-05-22T14:24:24","date_gmt":"2017-05-22T14:24:24","guid":{"rendered":"https:\/\/seestlokalhistoriskeforening.dk\/?page_id=1508"},"modified":"2018-02-02T10:54:36","modified_gmt":"2018-02-02T10:54:36","slug":"kommende-arrangementer-2","status":"publish","type":"page","link":"https:\/\/seestlokalhistoriskeforening.dk\/?page_id=1508","title":{"rendered":"Jubil\u00e6umsudstilling p\u00e5 Koldinghus 17.-25. januar 2018"},"content":{"rendered":"<h2 style=\"text-align: center;\"><a href=\"https:\/\/seestlokalhistoriskeforening.dk\/wp-content\/uploads\/2017\/05\/koldinghus_stor_9678.jpg\"><img loading=\"lazy\" decoding=\"async\" class=\"aligncenter wp-image-1690 size-medium\" src=\"https:\/\/seestlokalhistoriskeforening.dk\/wp-content\/uploads\/2017\/05\/koldinghus_stor_9678-300x192.jpg\" alt=\"koldinghus_stor_9678\" width=\"300\" height=\"192\" srcset=\"https:\/\/seestlokalhistoriskeforening.dk\/wp-content\/uploads\/2017\/05\/koldinghus_stor_9678-300x192.jpg 300w, https:\/\/seestlokalhistoriskeforening.dk\/wp-content\/uploads\/2017\/05\/koldinghus_stor_9678-768x492.jpg 768w, https:\/\/seestlokalhistoriskeforening.dk\/wp-content\/uploads\/2017\/05\/koldinghus_stor_9678.jpg 1000w\" sizes=\"auto, (max-width: 300px) 100vw, 300px\" \/><\/a><\/h2>\n<h2 style=\"text-align: center;\">Jubil\u00e6umsudstillingen p\u00e5 Koldinghus<\/h2>\n<h3 style=\"text-align: center;\">Seest Lokalhistoriske Forening var repr\u00e6senteret med tre plancher p\u00e5 udstillingen under overskriften \u201dBorg, by og land\u201d.<\/h3>\n<h3 style=\"text-align: center;\">Udstillingen var sammensat af seks lokalhistoriske arkiver i Kolding Kommune, p\u00e5 et initiativ af Kongeaamuseet i Vamdrup.<\/h3>\n<h3 style=\"text-align: center;\">\u00a0P\u00e5 \u00e5bningsdagen den 17. januar, blev de mange fremm\u00f8dte budt velkommen af Poul Berrig, Vamdrup.<\/h3>\n<h3 style=\"text-align: center;\">Efter \u00e5bningstalen, der blev holdt af borgmester J\u00f8rn Pedersen, kunne de mange fremm\u00f8dte tage de 28 plancher n\u00e6rmere i \u00f8jesyn og dertil nyde en lille forfriskning.<\/h3>\n<h3 style=\"text-align: center;\">Seest lokalhistorie havde valgt fort\u00e6llingerne om: \u201d<em>Den gamle Rytterskole i Seest\u201d.<\/em> <em>\u201dBlev der b\u00e5ret ved til branden p\u00e5 Koldinghus fra skovene i Seest\u201d. <\/em><\/h3>\n<h3 style=\"text-align: center;\"><em>\u201dVelkommen til historien om g\u00e5rdmanden der fik \u00f8jnene revet ud\u201d.<\/em><\/h3>\n<h3 style=\"text-align: center;\">P\u00e5 billederne er der bl.a. udpluk fra nogle af plancherne samt kopier af bl.a. brandspr\u00f8jten fra Christiansfeld, der deltog ved slukningen af branden p\u00e5 Koldinghus<\/h3>\n<h3 style=\"text-align: center;\">samt en kopi af henrette\u00f8ksen fra Lunderskov.<\/h3>\n<p>&nbsp;<\/p>\n<p>&nbsp;<\/p>\n<p><a href=\"https:\/\/seestlokalhistoriskeforening.dk\/wp-content\/uploads\/2017\/05\/Nr.-9-1.jpg\"><img loading=\"lazy\" decoding=\"async\" class=\"alignleft wp-image-1730\" title=\"Poul Beerig \u00e5bner udstillingen\" src=\"https:\/\/seestlokalhistoriskeforening.dk\/wp-content\/uploads\/2017\/05\/Nr.-9-1-150x150.jpg\" alt=\"Nr. 9-1\" width=\"200\" height=\"149\" srcset=\"https:\/\/seestlokalhistoriskeforening.dk\/wp-content\/uploads\/2017\/05\/Nr.-9-1-300x223.jpg 300w, https:\/\/seestlokalhistoriskeforening.dk\/wp-content\/uploads\/2017\/05\/Nr.-9-1-768x571.jpg 768w, https:\/\/seestlokalhistoriskeforening.dk\/wp-content\/uploads\/2017\/05\/Nr.-9-1-1024x762.jpg 1024w, https:\/\/seestlokalhistoriskeforening.dk\/wp-content\/uploads\/2017\/05\/Nr.-9-1.jpg 1968w\" sizes=\"auto, (max-width: 200px) 100vw, 200px\" \/><\/a><\/p>\n<p><a href=\"https:\/\/seestlokalhistoriskeforening.dk\/wp-content\/uploads\/2017\/05\/Nr.-8.jpg\"><img loading=\"lazy\" decoding=\"async\" class=\"alignleft wp-image-1724\" src=\"https:\/\/seestlokalhistoriskeforening.dk\/wp-content\/uploads\/2017\/05\/Nr.-8-150x150.jpg\" alt=\"Nr. 8\" width=\"200\" height=\"133\" srcset=\"https:\/\/seestlokalhistoriskeforening.dk\/wp-content\/uploads\/2017\/05\/Nr.-8-300x199.jpg 300w, https:\/\/seestlokalhistoriskeforening.dk\/wp-content\/uploads\/2017\/05\/Nr.-8-768x510.jpg 768w, https:\/\/seestlokalhistoriskeforening.dk\/wp-content\/uploads\/2017\/05\/Nr.-8-1024x680.jpg 1024w, https:\/\/seestlokalhistoriskeforening.dk\/wp-content\/uploads\/2017\/05\/Nr.-8.jpg 2000w\" sizes=\"auto, (max-width: 200px) 100vw, 200px\" \/><\/a><\/p>\n<p><a href=\"https:\/\/seestlokalhistoriskeforening.dk\/wp-content\/uploads\/2017\/05\/Nr.-4.jpg\"><img loading=\"lazy\" decoding=\"async\" class=\"alignleft wp-image-1720\" src=\"https:\/\/seestlokalhistoriskeforening.dk\/wp-content\/uploads\/2017\/05\/Nr.-4-150x150.jpg\" alt=\"Nr. 4\" width=\"200\" height=\"133\" srcset=\"https:\/\/seestlokalhistoriskeforening.dk\/wp-content\/uploads\/2017\/05\/Nr.-4-300x199.jpg 300w, https:\/\/seestlokalhistoriskeforening.dk\/wp-content\/uploads\/2017\/05\/Nr.-4-768x510.jpg 768w, https:\/\/seestlokalhistoriskeforening.dk\/wp-content\/uploads\/2017\/05\/Nr.-4-1024x680.jpg 1024w, https:\/\/seestlokalhistoriskeforening.dk\/wp-content\/uploads\/2017\/05\/Nr.-4.jpg 2000w\" sizes=\"auto, (max-width: 200px) 100vw, 200px\" \/><\/a><a href=\"https:\/\/seestlokalhistoriskeforening.dk\/wp-content\/uploads\/2017\/05\/Nr.-5.jpg\"><img loading=\"lazy\" decoding=\"async\" class=\"alignleft wp-image-1721\" src=\"https:\/\/seestlokalhistoriskeforening.dk\/wp-content\/uploads\/2017\/05\/Nr.-5-150x150.jpg\" alt=\"Nr. 5\" width=\"200\" height=\"133\" srcset=\"https:\/\/seestlokalhistoriskeforening.dk\/wp-content\/uploads\/2017\/05\/Nr.-5-300x199.jpg 300w, https:\/\/seestlokalhistoriskeforening.dk\/wp-content\/uploads\/2017\/05\/Nr.-5-768x510.jpg 768w, https:\/\/seestlokalhistoriskeforening.dk\/wp-content\/uploads\/2017\/05\/Nr.-5-1024x680.jpg 1024w, https:\/\/seestlokalhistoriskeforening.dk\/wp-content\/uploads\/2017\/05\/Nr.-5.jpg 2000w\" sizes=\"auto, (max-width: 200px) 100vw, 200px\" \/><\/a><\/p>\n<p>&nbsp;<\/p>\n<p>&nbsp;<\/p>\n<p>&nbsp;<\/p>\n<p>&nbsp;<\/p>\n<p>&nbsp;<\/p>\n<p>&nbsp;<\/p>\n<p>&nbsp;<\/p>\n<p>Poul Berrig \u00e5bner udstillingen<\/p>\n<p><a href=\"https:\/\/seestlokalhistoriskeforening.dk\/wp-content\/uploads\/2017\/05\/Nr.-6.jpg\"><img loading=\"lazy\" decoding=\"async\" class=\"alignleft wp-image-1722\" title=\"Henrette\u00f8ksen fra Lunderskov\" src=\"https:\/\/seestlokalhistoriskeforening.dk\/wp-content\/uploads\/2017\/05\/Nr.-6-150x150.jpg\" alt=\"Nr. 6\" width=\"200\" height=\"133\" srcset=\"https:\/\/seestlokalhistoriskeforening.dk\/wp-content\/uploads\/2017\/05\/Nr.-6-300x199.jpg 300w, https:\/\/seestlokalhistoriskeforening.dk\/wp-content\/uploads\/2017\/05\/Nr.-6-768x510.jpg 768w, https:\/\/seestlokalhistoriskeforening.dk\/wp-content\/uploads\/2017\/05\/Nr.-6-1024x680.jpg 1024w, https:\/\/seestlokalhistoriskeforening.dk\/wp-content\/uploads\/2017\/05\/Nr.-6.jpg 2000w\" sizes=\"auto, (max-width: 200px) 100vw, 200px\" \/><\/a><a href=\"https:\/\/seestlokalhistoriskeforening.dk\/wp-content\/uploads\/2017\/05\/Nr.-10.jpg\"><img loading=\"lazy\" decoding=\"async\" class=\"alignleft wp-image-1726\" title=\"kopi af brandspr\u00f8jten fra Christiansfeld\" src=\"https:\/\/seestlokalhistoriskeforening.dk\/wp-content\/uploads\/2017\/05\/Nr.-10-150x150.jpg\" alt=\"Nr. 10\" width=\"200\" height=\"133\" srcset=\"https:\/\/seestlokalhistoriskeforening.dk\/wp-content\/uploads\/2017\/05\/Nr.-10-300x199.jpg 300w, https:\/\/seestlokalhistoriskeforening.dk\/wp-content\/uploads\/2017\/05\/Nr.-10-768x510.jpg 768w, https:\/\/seestlokalhistoriskeforening.dk\/wp-content\/uploads\/2017\/05\/Nr.-10-1024x680.jpg 1024w, https:\/\/seestlokalhistoriskeforening.dk\/wp-content\/uploads\/2017\/05\/Nr.-10.jpg 2000w\" sizes=\"auto, (max-width: 200px) 100vw, 200px\" \/><\/a><\/p>\n<p><a href=\"https:\/\/seestlokalhistoriskeforening.dk\/wp-content\/uploads\/2017\/05\/Nr.-11.jpg\"><img loading=\"lazy\" decoding=\"async\" class=\"alignleft wp-image-1727\" src=\"https:\/\/seestlokalhistoriskeforening.dk\/wp-content\/uploads\/2017\/05\/Nr.-11-150x150.jpg\" alt=\"Nr. 11\" width=\"200\" height=\"133\" srcset=\"https:\/\/seestlokalhistoriskeforening.dk\/wp-content\/uploads\/2017\/05\/Nr.-11-300x199.jpg 300w, https:\/\/seestlokalhistoriskeforening.dk\/wp-content\/uploads\/2017\/05\/Nr.-11-768x510.jpg 768w, https:\/\/seestlokalhistoriskeforening.dk\/wp-content\/uploads\/2017\/05\/Nr.-11-1024x680.jpg 1024w, https:\/\/seestlokalhistoriskeforening.dk\/wp-content\/uploads\/2017\/05\/Nr.-11.jpg 2000w\" sizes=\"auto, (max-width: 200px) 100vw, 200px\" \/><\/a><a href=\"https:\/\/seestlokalhistoriskeforening.dk\/wp-content\/uploads\/2017\/05\/Nr.-1.jpg\"><img loading=\"lazy\" decoding=\"async\" class=\"alignleft wp-image-1719\" src=\"https:\/\/seestlokalhistoriskeforening.dk\/wp-content\/uploads\/2017\/05\/Nr.-1-150x150.jpg\" alt=\"Nr. 1\" width=\"160\" height=\"241\" srcset=\"https:\/\/seestlokalhistoriskeforening.dk\/wp-content\/uploads\/2017\/05\/Nr.-1-199x300.jpg 199w, https:\/\/seestlokalhistoriskeforening.dk\/wp-content\/uploads\/2017\/05\/Nr.-1-768x1155.jpg 768w, https:\/\/seestlokalhistoriskeforening.dk\/wp-content\/uploads\/2017\/05\/Nr.-1-681x1024.jpg 681w, https:\/\/seestlokalhistoriskeforening.dk\/wp-content\/uploads\/2017\/05\/Nr.-1.jpg 2000w\" sizes=\"auto, (max-width: 160px) 100vw, 160px\" \/><\/a><\/p>\n","protected":false},"excerpt":{"rendered":"<p>Jubil\u00e6umsudstillingen p\u00e5 Koldinghus Seest Lokalhistoriske Forening var repr\u00e6senteret med tre plancher p\u00e5 udstillingen under overskriften \u201dBorg, by og land\u201d. Udstillingen var sammensat af seks lokalhistoriske arkiver i Kolding Kommune, p\u00e5 et initiativ af Kongeaamuseet i Vamdrup. \u00a0P\u00e5 \u00e5bningsdagen den 17. januar, blev de mange fremm\u00f8dte budt velkommen af Poul Berrig, Vamdrup. Efter \u00e5bningstalen, der blev [&hellip;]<\/p>\n","protected":false},"author":1,"featured_media":0,"parent":0,"menu_order":0,"comment_status":"closed","ping_status":"closed","template":"","meta":{"footnotes":""},"class_list":["post-1508","page","type-page","status-publish","czr-hentry"],"_links":{"self":[{"href":"https:\/\/seestlokalhistoriskeforening.dk\/index.php?rest_route=\/wp\/v2\/pages\/1508","targetHints":{"allow":["GET"]}}],"collection":[{"href":"https:\/\/seestlokalhistoriskeforening.dk\/index.php?rest_route=\/wp\/v2\/pages"}],"about":[{"href":"https:\/\/seestlokalhistoriskeforening.dk\/index.php?rest_route=\/wp\/v2\/types\/page"}],"author":[{"embeddable":true,"href":"https:\/\/seestlokalhistoriskeforening.dk\/index.php?rest_route=\/wp\/v2\/users\/1"}],"replies":[{"embeddable":true,"href":"https:\/\/seestlokalhistoriskeforening.dk\/index.php?rest_route=%2Fwp%2Fv2%2Fcomments&post=1508"}],"version-history":[{"count":32,"href":"https:\/\/seestlokalhistoriskeforening.dk\/index.php?rest_route=\/wp\/v2\/pages\/1508\/revisions"}],"predecessor-version":[{"id":1744,"href":"https:\/\/seestlokalhistoriskeforening.dk\/index.php?rest_route=\/wp\/v2\/pages\/1508\/revisions\/1744"}],"wp:attachment":[{"href":"https:\/\/seestlokalhistoriskeforening.dk\/index.php?rest_route=%2Fwp%2Fv2%2Fmedia&parent=1508"}],"curies":[{"name":"wp","href":"https:\/\/api.w.org\/{rel}","templated":true}]}}

Jubilæumsudstilling på Koldinghus 17.-25. januar 2018

<h2 style="text-align: center;"><a href="https://seestlokalhistoriskeforening.dk/wp-content/uploads/2017/05/koldinghus_stor_9678.jpg"><img loading="lazy" decoding="async" class="aligncenter wp-image-1690 size-medium" src="https://seestlokalhistoriskeforening.dk/wp-content/uploads/2017/05/koldinghus_stor_9678-300x192.jpg" alt="koldinghus_stor_9678" width="300" height="192" srcset="https://seestlokalhistoriskeforening.dk/wp-content/uploads/2017/05/koldinghus_stor_9678-300x192.jpg 300w, https://seestlokalhistoriskeforening.dk/wp-content/uploads/2017/05/koldinghus_stor_9678-768x492.jpg 768w, https://seestlokalhistoriskeforening.dk/wp-content/uploads/2017/05/koldinghus_stor_9678.jpg 1000w" sizes="auto, (max-width: 300px) 100vw, 300px" /></a></h2>
<h2 style="text-align: center;">Jubilæumsudstillingen på Koldinghus</h2>
<h3 style="text-align: center;">Seest Lokalhistoriske Forening var repræsenteret med tre plancher på udstillingen under overskriften ”Borg, by og land”.</h3>
<h3 style="text-align: center;">Udstillingen var sammensat af seks lokalhistoriske arkiver i Kolding Kommune, på et initiativ af Kongeaamuseet i Vamdrup.</h3>
<h3 style="text-align: center;"> På åbningsdagen den 17. januar, blev de mange fremmødte budt velkommen af Poul Berrig, Vamdrup.</h3>
<h3 style="text-align: center;">Efter åbningstalen, der blev holdt af borgmester Jørn Pedersen, kunne de mange fremmødte tage de 28 plancher nærmere i øjesyn og dertil nyde en lille forfriskning.</h3>
<h3 style="text-align: center;">Seest lokalhistorie havde valgt fortællingerne om: ”<em>Den gamle Rytterskole i Seest”.</em> <em>”Blev der båret ved til branden på Koldinghus fra skovene i Seest”. </em></h3>
<h3 style="text-align: center;"><em>”Velkommen til historien om gårdmanden der fik øjnene revet ud”.</em></h3>
<h3 style="text-align: center;">På billederne er der bl.a. udpluk fra nogle af plancherne samt kopier af bl.a. brandsprøjten fra Christiansfeld, der deltog ved slukningen af branden på Koldinghus</h3>
<h3 style="text-align: center;">samt en kopi af henretteøksen fra Lunderskov.</h3>
<p>&nbsp;</p>
<p>&nbsp;</p>
<p><a href="https://seestlokalhistoriskeforening.dk/wp-content/uploads/2017/05/Nr.-9-1.jpg"><img loading="lazy" decoding="async" class="alignleft wp-image-1730" title="Poul Beerig åbner udstillingen" src="https://seestlokalhistoriskeforening.dk/wp-content/uploads/2017/05/Nr.-9-1-150x150.jpg" alt="Nr. 9-1" width="200" height="149" srcset="https://seestlokalhistoriskeforening.dk/wp-content/uploads/2017/05/Nr.-9-1-300x223.jpg 300w, https://seestlokalhistoriskeforening.dk/wp-content/uploads/2017/05/Nr.-9-1-768x571.jpg 768w, https://seestlokalhistoriskeforening.dk/wp-content/uploads/2017/05/Nr.-9-1-1024x762.jpg 1024w, https://seestlokalhistoriskeforening.dk/wp-content/uploads/2017/05/Nr.-9-1.jpg 1968w" sizes="auto, (max-width: 200px) 100vw, 200px" /></a></p>
<p><a href="https://seestlokalhistoriskeforening.dk/wp-content/uploads/2017/05/Nr.-8.jpg"><img loading="lazy" decoding="async" class="alignleft wp-image-1724" src="https://seestlokalhistoriskeforening.dk/wp-content/uploads/2017/05/Nr.-8-150x150.jpg" alt="Nr. 8" width="200" height="133" srcset="https://seestlokalhistoriskeforening.dk/wp-content/uploads/2017/05/Nr.-8-300x199.jpg 300w, https://seestlokalhistoriskeforening.dk/wp-content/uploads/2017/05/Nr.-8-768x510.jpg 768w, https://seestlokalhistoriskeforening.dk/wp-content/uploads/2017/05/Nr.-8-1024x680.jpg 1024w, https://seestlokalhistoriskeforening.dk/wp-content/uploads/2017/05/Nr.-8.jpg 2000w" sizes="auto, (max-width: 200px) 100vw, 200px" /></a></p>
<p><a href="https://seestlokalhistoriskeforening.dk/wp-content/uploads/2017/05/Nr.-4.jpg"><img loading="lazy" decoding="async" class="alignleft wp-image-1720" src="https://seestlokalhistoriskeforening.dk/wp-content/uploads/2017/05/Nr.-4-150x150.jpg" alt="Nr. 4" width="200" height="133" srcset="https://seestlokalhistoriskeforening.dk/wp-content/uploads/2017/05/Nr.-4-300x199.jpg 300w, https://seestlokalhistoriskeforening.dk/wp-content/uploads/2017/05/Nr.-4-768x510.jpg 768w, https://seestlokalhistoriskeforening.dk/wp-content/uploads/2017/05/Nr.-4-1024x680.jpg 1024w, https://seestlokalhistoriskeforening.dk/wp-content/uploads/2017/05/Nr.-4.jpg 2000w" sizes="auto, (max-width: 200px) 100vw, 200px" /></a><a href="https://seestlokalhistoriskeforening.dk/wp-content/uploads/2017/05/Nr.-5.jpg"><img loading="lazy" decoding="async" class="alignleft wp-image-1721" src="https://seestlokalhistoriskeforening.dk/wp-content/uploads/2017/05/Nr.-5-150x150.jpg" alt="Nr. 5" width="200" height="133" srcset="https://seestlokalhistoriskeforening.dk/wp-content/uploads/2017/05/Nr.-5-300x199.jpg 300w, https://seestlokalhistoriskeforening.dk/wp-content/uploads/2017/05/Nr.-5-768x510.jpg 768w, https://seestlokalhistoriskeforening.dk/wp-content/uploads/2017/05/Nr.-5-1024x680.jpg 1024w, https://seestlokalhistoriskeforening.dk/wp-content/uploads/2017/05/Nr.-5.jpg 2000w" sizes="auto, (max-width: 200px) 100vw, 200px" /></a></p>
<p>&nbsp;</p>
<p>&nbsp;</p>
<p>&nbsp;</p>
<p>&nbsp;</p>
<p>&nbsp;</p>
<p>&nbsp;</p>
<p>&nbsp;</p>
<p>Poul Berrig åbner udstillingen</p>
<p><a href="https://seestlokalhistoriskeforening.dk/wp-content/uploads/2017/05/Nr.-6.jpg"><img loading="lazy" decoding="async" class="alignleft wp-image-1722" title="Henretteøksen fra Lunderskov" src="https://seestlokalhistoriskeforening.dk/wp-content/uploads/2017/05/Nr.-6-150x150.jpg" alt="Nr. 6" width="200" height="133" srcset="https://seestlokalhistoriskeforening.dk/wp-content/uploads/2017/05/Nr.-6-300x199.jpg 300w, https://seestlokalhistoriskeforening.dk/wp-content/uploads/2017/05/Nr.-6-768x510.jpg 768w, https://seestlokalhistoriskeforening.dk/wp-content/uploads/2017/05/Nr.-6-1024x680.jpg 1024w, https://seestlokalhistoriskeforening.dk/wp-content/uploads/2017/05/Nr.-6.jpg 2000w" sizes="auto, (max-width: 200px) 100vw, 200px" /></a><a href="https://seestlokalhistoriskeforening.dk/wp-content/uploads/2017/05/Nr.-10.jpg"><img loading="lazy" decoding="async" class="alignleft wp-image-1726" title="kopi af brandsprøjten fra Christiansfeld" src="https://seestlokalhistoriskeforening.dk/wp-content/uploads/2017/05/Nr.-10-150x150.jpg" alt="Nr. 10" width="200" height="133" srcset="https://seestlokalhistoriskeforening.dk/wp-content/uploads/2017/05/Nr.-10-300x199.jpg 300w, https://seestlokalhistoriskeforening.dk/wp-content/uploads/2017/05/Nr.-10-768x510.jpg 768w, https://seestlokalhistoriskeforening.dk/wp-content/uploads/2017/05/Nr.-10-1024x680.jpg 1024w, https://seestlokalhistoriskeforening.dk/wp-content/uploads/2017/05/Nr.-10.jpg 2000w" sizes="auto, (max-width: 200px) 100vw, 200px" /></a></p>
<p><a href="https://seestlokalhistoriskeforening.dk/wp-content/uploads/2017/05/Nr.-11.jpg"><img loading="lazy" decoding="async" class="alignleft wp-image-1727" src="https://seestlokalhistoriskeforening.dk/wp-content/uploads/2017/05/Nr.-11-150x150.jpg" alt="Nr. 11" width="200" height="133" srcset="https://seestlokalhistoriskeforening.dk/wp-content/uploads/2017/05/Nr.-11-300x199.jpg 300w, https://seestlokalhistoriskeforening.dk/wp-content/uploads/2017/05/Nr.-11-768x510.jpg 768w, https://seestlokalhistoriskeforening.dk/wp-content/uploads/2017/05/Nr.-11-1024x680.jpg 1024w, https://seestlokalhistoriskeforening.dk/wp-content/uploads/2017/05/Nr.-11.jpg 2000w" sizes="auto, (max-width: 200px) 100vw, 200px" /></a><a href="https://seestlokalhistoriskeforening.dk/wp-content/uploads/2017/05/Nr.-1.jpg"><img loading="lazy" decoding="async" class="alignleft wp-image-1719" src="https://seestlokalhistoriskeforening.dk/wp-content/uploads/2017/05/Nr.-1-150x150.jpg" alt="Nr. 1" width="160" height="241" srcset="https://seestlokalhistoriskeforening.dk/wp-content/uploads/2017/05/Nr.-1-199x300.jpg 199w, https://seestlokalhistoriskeforening.dk/wp-content/uploads/2017/05/Nr.-1-768x1155.jpg 768w, https://seestlokalhistoriskeforening.dk/wp-content/uploads/2017/05/Nr.-1-681x1024.jpg 681w, https://seestlokalhistoriskeforening.dk/wp-content/uploads/2017/05/Nr.-1.jpg 2000w" sizes="auto, (max-width: 160px) 100vw, 160px" /></a></p>

<p>Jubilæumsudstillingen på Koldinghus Seest Lokalhistoriske Forening var repræsenteret med tre plancher på udstillingen under overskriften ”Borg, by og land”. Udstillingen var sammensat af seks lokalhistoriske arkiver i Kolding Kommune, på et initiativ af Kongeaamuseet i Vamdrup.  På åbningsdagen den 17. januar, blev de mange fremmødte budt velkommen af Poul Berrig, Vamdrup. Efter åbningstalen, der blev [&hellip;]</p>
