{"id":1133,"date":"2015-12-09T09:05:48","date_gmt":"2015-12-09T09:05:48","guid":{"rendered":"https:\/\/seestlokalhistoriskeforening.dk\/?page_id=1133"},"modified":"2015-12-09T09:36:43","modified_gmt":"2015-12-09T09:36:43","slug":"2-december-2015-2","status":"publish","type":"page","link":"https:\/\/seestlokalhistoriskeforening.dk\/?page_id=1133","title":{"rendered":"2. december 2015"},"content":{"rendered":"<h2 style=\"text-align: center;\">Juleafslutning den 2.december 2015<\/h2>\n<p>Der var stor opbakning til \u00e5rets julem\u00f8de der blev afholdt i Sognehuset den 2. december. En veloplagt Knud S\u00f8rensen ved klaveret havde valgt aftenens sange, og en liges\u00e5 veloplagt Gunner Ebbesen, fortalte om barndommens jul. Mange fine og sjove indslag fuldendte aftenens program. I pausen blev der serveret \u00e6bleskiver, gl\u00f8gg, brunekager, kaffe og te.<\/p>\n<p style=\"text-align: center;\"><strong>Rigtig gl\u00e6delig jul samt et godt nyt\u00e5r.<\/strong><\/p>\n<p style=\"text-align: center;\"><a href=\"https:\/\/seestlokalhistoriskeforening.dk\/wp-content\/uploads\/2014\/09\/Dec2015-2.jpg\"><img loading=\"lazy\" decoding=\"async\" class=\"alignleft size-medium wp-image-1081\" src=\"https:\/\/seestlokalhistoriskeforening.dk\/wp-content\/uploads\/2014\/09\/Dec2015-2-300x199.jpg\" alt=\"Dec2015-2\" width=\"300\" height=\"199\" srcset=\"https:\/\/seestlokalhistoriskeforening.dk\/wp-content\/uploads\/2014\/09\/Dec2015-2-300x199.jpg 300w, https:\/\/seestlokalhistoriskeforening.dk\/wp-content\/uploads\/2014\/09\/Dec2015-2.jpg 640w\" sizes=\"auto, (max-width: 300px) 100vw, 300px\" \/><\/a><a href=\"https:\/\/seestlokalhistoriskeforening.dk\/wp-content\/uploads\/2014\/09\/Dec2015-5.jpg\"><img loading=\"lazy\" decoding=\"async\" class=\"alignleft size-medium wp-image-1084\" src=\"https:\/\/seestlokalhistoriskeforening.dk\/wp-content\/uploads\/2014\/09\/Dec2015-5-300x199.jpg\" alt=\"Dec2015-5\" width=\"300\" height=\"199\" srcset=\"https:\/\/seestlokalhistoriskeforening.dk\/wp-content\/uploads\/2014\/09\/Dec2015-5-300x199.jpg 300w, https:\/\/seestlokalhistoriskeforening.dk\/wp-content\/uploads\/2014\/09\/Dec2015-5.jpg 640w\" sizes=\"auto, (max-width: 300px) 100vw, 300px\" \/><\/a><a href=\"https:\/\/seestlokalhistoriskeforening.dk\/wp-content\/uploads\/2014\/09\/Dec2015-3.jpg\"><img loading=\"lazy\" decoding=\"async\" class=\"alignleft size-medium wp-image-1082\" src=\"https:\/\/seestlokalhistoriskeforening.dk\/wp-content\/uploads\/2014\/09\/Dec2015-3-300x199.jpg\" alt=\"Dec2015-3\" width=\"300\" height=\"199\" srcset=\"https:\/\/seestlokalhistoriskeforening.dk\/wp-content\/uploads\/2014\/09\/Dec2015-3-300x199.jpg 300w, https:\/\/seestlokalhistoriskeforening.dk\/wp-content\/uploads\/2014\/09\/Dec2015-3.jpg 640w\" sizes=\"auto, (max-width: 300px) 100vw, 300px\" \/><\/a><a href=\"https:\/\/seestlokalhistoriskeforening.dk\/wp-content\/uploads\/2014\/09\/Dec2015-7.jpg\"><img loading=\"lazy\" decoding=\"async\" class=\"alignleft size-medium wp-image-1086\" src=\"https:\/\/seestlokalhistoriskeforening.dk\/wp-content\/uploads\/2014\/09\/Dec2015-7-300x199.jpg\" alt=\"Dec2015-7\" width=\"300\" height=\"199\" srcset=\"https:\/\/seestlokalhistoriskeforening.dk\/wp-content\/uploads\/2014\/09\/Dec2015-7-300x199.jpg 300w, https:\/\/seestlokalhistoriskeforening.dk\/wp-content\/uploads\/2014\/09\/Dec2015-7.jpg 640w\" sizes=\"auto, (max-width: 300px) 100vw, 300px\" \/><\/a><a href=\"https:\/\/seestlokalhistoriskeforening.dk\/wp-content\/uploads\/2014\/09\/Dec2015-6.jpg\"><img loading=\"lazy\" decoding=\"async\" class=\"alignleft size-medium wp-image-1085\" src=\"https:\/\/seestlokalhistoriskeforening.dk\/wp-content\/uploads\/2014\/09\/Dec2015-6-300x204.jpg\" alt=\"Dec2015-6\" width=\"300\" height=\"204\" srcset=\"https:\/\/seestlokalhistoriskeforening.dk\/wp-content\/uploads\/2014\/09\/Dec2015-6-300x204.jpg 300w, https:\/\/seestlokalhistoriskeforening.dk\/wp-content\/uploads\/2014\/09\/Dec2015-6.jpg 640w\" sizes=\"auto, (max-width: 300px) 100vw, 300px\" \/><\/a><a href=\"https:\/\/seestlokalhistoriskeforening.dk\/wp-content\/uploads\/2014\/09\/Dec2015-1.jpg\"><img loading=\"lazy\" decoding=\"async\" class=\"alignleft size-medium wp-image-1080\" src=\"https:\/\/seestlokalhistoriskeforening.dk\/wp-content\/uploads\/2014\/09\/Dec2015-1-300x199.jpg\" alt=\"Dec2015-1\" width=\"300\" height=\"199\" srcset=\"https:\/\/seestlokalhistoriskeforening.dk\/wp-content\/uploads\/2014\/09\/Dec2015-1-300x199.jpg 300w, https:\/\/seestlokalhistoriskeforening.dk\/wp-content\/uploads\/2014\/09\/Dec2015-1.jpg 640w\" sizes=\"auto, (max-width: 300px) 100vw, 300px\" \/><\/a><\/p>\n","protected":false},"excerpt":{"rendered":"<p>Juleafslutning den 2.december 2015 Der var stor opbakning til \u00e5rets julem\u00f8de der blev afholdt i Sognehuset den 2. december. En veloplagt Knud S\u00f8rensen ved klaveret havde valgt aftenens sange, og en liges\u00e5 veloplagt Gunner Ebbesen, fortalte om barndommens jul. Mange fine og sjove indslag fuldendte aftenens program. I pausen blev der serveret \u00e6bleskiver, gl\u00f8gg, brunekager, [&hellip;]<\/p>\n","protected":false},"author":1,"featured_media":0,"parent":0,"menu_order":0,"comment_status":"closed","ping_status":"closed","template":"","meta":{"footnotes":""},"class_list":["post-1133","page","type-page","status-publish","czr-hentry"],"_links":{"self":[{"href":"https:\/\/seestlokalhistoriskeforening.dk\/index.php?rest_route=\/wp\/v2\/pages\/1133","targetHints":{"allow":["GET"]}}],"collection":[{"href":"https:\/\/seestlokalhistoriskeforening.dk\/index.php?rest_route=\/wp\/v2\/pages"}],"about":[{"href":"https:\/\/seestlokalhistoriskeforening.dk\/index.php?rest_route=\/wp\/v2\/types\/page"}],"author":[{"embeddable":true,"href":"https:\/\/seestlokalhistoriskeforening.dk\/index.php?rest_route=\/wp\/v2\/users\/1"}],"replies":[{"embeddable":true,"href":"https:\/\/seestlokalhistoriskeforening.dk\/index.php?rest_route=%2Fwp%2Fv2%2Fcomments&post=1133"}],"version-history":[{"count":5,"href":"https:\/\/seestlokalhistoriskeforening.dk\/index.php?rest_route=\/wp\/v2\/pages\/1133\/revisions"}],"predecessor-version":[{"id":1145,"href":"https:\/\/seestlokalhistoriskeforening.dk\/index.php?rest_route=\/wp\/v2\/pages\/1133\/revisions\/1145"}],"wp:attachment":[{"href":"https:\/\/seestlokalhistoriskeforening.dk\/index.php?rest_route=%2Fwp%2Fv2%2Fmedia&parent=1133"}],"curies":[{"name":"wp","href":"https:\/\/api.w.org\/{rel}","templated":true}]}}